Last updated on 2023-11-30 16:49:33 CET.
Flavor | Version | Tinstall | Tcheck | Ttotal | Status | Flags |
---|---|---|---|---|---|---|
r-devel-linux-x86_64-debian-clang | 0.4.1 | 47.71 | 308.42 | 356.13 | NOTE | |
r-devel-linux-x86_64-debian-gcc | 0.4.1 | 37.48 | 246.02 | 283.50 | NOTE | |
r-devel-linux-x86_64-fedora-clang | 0.4.1 | 452.25 | OK | |||
r-devel-linux-x86_64-fedora-gcc | 0.4.1 | 484.89 | OK | |||
r-devel-windows-x86_64 | 0.4.1 | 42.00 | 315.00 | 357.00 | OK | |
r-patched-linux-x86_64 | 0.4.1 | 51.26 | 325.65 | 376.91 | OK | |
r-release-linux-x86_64 | 0.4.1 | 47.59 | 318.61 | 366.20 | OK | |
r-release-macos-arm64 | 0.4.1 | 150.00 | OK | |||
r-release-macos-x86_64 | 0.4.1 | 266.00 | OK | |||
r-release-windows-x86_64 | 0.4.1 | 55.00 | 381.00 | 436.00 | OK | |
r-oldrel-macos-arm64 | 0.4.1 | 118.00 | OK | |||
r-oldrel-macos-x86_64 | 0.4.1 | 183.00 | OK | |||
r-oldrel-windows-x86_64 | 0.4.1 | 51.00 | 369.00 | 420.00 | OK |
Version: 0.4.1
Check: Rd files
Result: NOTE
checkRd: (-1) computeResponseProbability.Rd:12: Lost braces; missing escapes or markup?
12 | \item{model}{the item model to use. Accepts \code{grm} or {gpcm}.}
| ^
Flavors: r-devel-linux-x86_64-debian-clang, r-devel-linux-x86_64-debian-gcc