CRAN Package Check Results for Package PROJ

Last updated on 2020-08-13 15:51:15 CEST.

Flavor Version Tinstall Tcheck Ttotal Status Flags
r-devel-linux-x86_64-debian-clang 0.1.6 5.92 27.39 33.31 OK
r-devel-linux-x86_64-debian-gcc 0.1.6 3.81 21.58 25.39 OK
r-devel-linux-x86_64-fedora-clang 0.1.6 48.23 OK
r-devel-linux-x86_64-fedora-gcc 0.1.6 38.56 OK
r-devel-windows-ix86+x86_64 0.1.6 25.00 104.00 129.00 NOTE
r-patched-linux-x86_64 0.1.6 4.46 27.30 31.76 OK
r-patched-solaris-x86 0.1.6 53.90 OK
r-release-linux-x86_64 0.1.6 4.46 27.35 31.81 OK
r-release-macos-x86_64 0.1.6 OK
r-release-windows-ix86+x86_64 0.1.6 20.00 93.00 113.00 NOTE
r-oldrel-macos-x86_64 0.1.6 OK
r-oldrel-windows-ix86+x86_64 0.1.6 19.00 80.00 99.00 NOTE

Check Details

Version: 0.1.6
Check: installed package size
Result: NOTE
     installed size is 12.9Mb
     sub-directories of 1Mb or more:
     libs 7.7Mb
     proj 5.0Mb
Flavors: r-devel-windows-ix86+x86_64, r-release-windows-ix86+x86_64, r-oldrel-windows-ix86+x86_64