CRAN Package Check Results for Package PROBShiny

Last updated on 2020-10-25 15:48:54 CET.

Flavor Version Tinstall Tcheck Ttotal Status Flags
r-devel-linux-x86_64-debian-clang 0.1.0 1.86 18.17 20.03 OK
r-devel-linux-x86_64-debian-gcc 0.1.0 1.57 14.37 15.94 OK
r-devel-linux-x86_64-fedora-clang 0.1.0 33.10 NOTE
r-devel-linux-x86_64-fedora-gcc 0.1.0 24.06 NOTE
r-devel-windows-ix86+x86_64 0.1.0 5.00 33.00 38.00 OK
r-patched-linux-x86_64 0.1.0 1.87 17.33 19.20 OK
r-patched-solaris-x86 0.1.0 38.40 NOTE
r-release-linux-x86_64 0.1.0 1.77 17.44 19.21 OK
r-release-macos-x86_64 0.1.0 NOTE
r-release-windows-ix86+x86_64 0.1.0 5.00 25.00 30.00 OK
r-oldrel-macos-x86_64 0.1.0 NOTE
r-oldrel-windows-ix86+x86_64 0.1.0 4.00 31.00 35.00 OK

Check Details

Version: 0.1.0
Check: dependencies in R code
Result: NOTE
    Namespaces in Imports field not imported from:
     ‘LaplacesDemon’ ‘epitools’ ‘rpivotTable’ ‘shiny’ ‘shinyMatrix’
     All declared Imports should be used.
Flavors: r-devel-linux-x86_64-fedora-clang, r-devel-linux-x86_64-fedora-gcc, r-patched-solaris-x86, r-release-macos-x86_64, r-oldrel-macos-x86_64