Last updated on 2023-12-03 04:56:16 CET.
Flavor | Version | Tinstall | Tcheck | Ttotal | Status | Flags |
---|---|---|---|---|---|---|
r-devel-linux-x86_64-debian-clang | 1.5 | 11.06 | 60.28 | 71.34 | NOTE | |
r-devel-linux-x86_64-debian-gcc | 1.5 | 9.50 | 43.69 | 53.19 | NOTE | |
r-devel-linux-x86_64-fedora-clang | 1.5 | 86.01 | NOTE | |||
r-devel-linux-x86_64-fedora-gcc | 1.5 | 81.82 | NOTE | |||
r-devel-windows-x86_64 | 1.5 | 10.00 | 57.00 | 67.00 | NOTE | |
r-patched-linux-x86_64 | 1.5 | 7.82 | 57.08 | 64.90 | NOTE | |
r-release-linux-x86_64 | 1.5 | 7.14 | 57.29 | 64.43 | NOTE | |
r-release-macos-arm64 | 1.5 | 25.00 | NOTE | |||
r-release-macos-x86_64 | 1.5 | 39.00 | NOTE | |||
r-release-windows-x86_64 | 1.5 | 14.00 | 65.00 | 79.00 | NOTE | |
r-oldrel-macos-arm64 | 1.5 | 21.00 | NOTE | |||
r-oldrel-macos-x86_64 | 1.5 | 41.00 | NOTE | |||
r-oldrel-windows-x86_64 | 1.5 | 15.00 | 62.00 | 77.00 | NOTE |
Version: 1.5
Check: LazyData
Result: NOTE
'LazyData' is specified without a 'data' directory
Flavors: r-devel-linux-x86_64-debian-clang, r-devel-linux-x86_64-debian-gcc, r-devel-linux-x86_64-fedora-clang, r-devel-linux-x86_64-fedora-gcc, r-devel-windows-x86_64, r-patched-linux-x86_64, r-release-linux-x86_64, r-release-macos-arm64, r-release-macos-x86_64, r-release-windows-x86_64, r-oldrel-macos-arm64, r-oldrel-macos-x86_64, r-oldrel-windows-x86_64