CRAN Package Check Results for Package PKI

Last updated on 2020-08-15 03:48:14 CEST.

Flavor Version Tinstall Tcheck Ttotal Status Flags
r-devel-linux-x86_64-debian-clang 0.1-7 8.01 24.49 32.50 OK
r-devel-linux-x86_64-debian-gcc 0.1-7 5.19 18.89 24.08 OK
r-devel-linux-x86_64-fedora-clang 0.1-7 48.06 OK
r-devel-linux-x86_64-fedora-gcc 0.1-7 36.94 OK
r-devel-windows-ix86+x86_64 0.1-7 33.00 72.00 105.00 OK
r-patched-linux-x86_64 0.1-7 5.81 24.38 30.19 OK
r-patched-solaris-x86 0.1-7 54.60 OK
r-release-linux-x86_64 0.1-7 5.76 24.30 30.06 OK
r-release-macos-x86_64 0.1-7 ERROR
r-release-windows-ix86+x86_64 0.1-7 23.00 56.00 79.00 OK
r-oldrel-macos-x86_64 0.1-7 OK
r-oldrel-windows-ix86+x86_64 0.1-7 29.00 77.00 106.00 OK

Check Details

Version: 0.1-7
Check: whether package can be installed
Result: ERROR
    Installation failed.
Flavor: r-release-macos-x86_64