CRAN Package Check Results for Package PCMBaseCpp

Last updated on 2020-08-07 15:48:51 CEST.

Flavor Version Tinstall Tcheck Ttotal Status Flags
r-devel-linux-x86_64-debian-clang 0.1.9 144.69 383.11 527.80 OK
r-devel-linux-x86_64-debian-gcc 0.1.9 155.81 272.31 428.12 OK
r-devel-linux-x86_64-fedora-clang 0.1.9 657.22 NOTE
r-devel-linux-x86_64-fedora-gcc 0.1.9 677.95 OK
r-devel-windows-ix86+x86_64 0.1.9 357.00 587.00 944.00 NOTE
r-patched-linux-x86_64 0.1.9 163.86 362.74 526.60 OK
r-patched-solaris-x86 0.1.9 744.10 OK
r-release-linux-x86_64 0.1.9 158.46 367.27 525.73 OK
r-release-macos-x86_64 0.1.9 NOTE
r-release-windows-ix86+x86_64 0.1.9 353.00 647.00 1000.00 NOTE
r-oldrel-macos-x86_64 0.1.9 NOTE
r-oldrel-windows-ix86+x86_64 0.1.9 294.00 490.00 784.00 NOTE

Check Details

Version: 0.1.9
Check: installed package size
Result: NOTE
     installed size is 34.5Mb
     sub-directories of 1Mb or more:
     libs 33.3Mb
Flavors: r-devel-linux-x86_64-fedora-clang, r-devel-windows-ix86+x86_64, r-release-macos-x86_64, r-release-windows-ix86+x86_64, r-oldrel-macos-x86_64, r-oldrel-windows-ix86+x86_64