CRAN Package Check Results for Package PBD

Last updated on 2020-08-13 15:51:14 CEST.

Flavor Version Tinstall Tcheck Ttotal Status Flags
r-devel-linux-x86_64-debian-clang 1.4 3.86 81.63 85.49 OK
r-devel-linux-x86_64-debian-gcc 1.4 3.58 57.66 61.24 OK
r-devel-linux-x86_64-fedora-clang 1.4 106.62 NOTE
r-devel-linux-x86_64-fedora-gcc 1.4 102.32 NOTE
r-devel-windows-ix86+x86_64 1.4 13.00 107.00 120.00 OK
r-patched-linux-x86_64 1.4 4.16 80.86 85.02 OK
r-patched-solaris-x86 1.4 131.00 NOTE
r-release-linux-x86_64 1.4 4.42 80.58 85.00 OK
r-release-macos-x86_64 1.4 NOTE
r-release-windows-ix86+x86_64 1.4 13.00 113.00 126.00 OK
r-oldrel-macos-x86_64 1.4 NOTE
r-oldrel-windows-ix86+x86_64 1.4 6.00 79.00 85.00 OK

Check Details

Version: 1.4
Check: dependencies in R code
Result: NOTE
    Namespace in Imports field not imported from: ‘ade4’
     All declared Imports should be used.
Flavors: r-devel-linux-x86_64-fedora-clang, r-devel-linux-x86_64-fedora-gcc, r-patched-solaris-x86, r-release-macos-x86_64, r-oldrel-macos-x86_64