Last updated on 2023-12-09 04:51:01 CET.
Flavor | Version | Tinstall | Tcheck | Ttotal | Status | Flags |
---|---|---|---|---|---|---|
r-devel-linux-x86_64-debian-clang | 1.0.0 | 33.50 | 255.46 | 288.96 | NOTE | |
r-devel-linux-x86_64-debian-gcc | 1.0.0 | 27.74 | 185.14 | 212.88 | NOTE | |
r-devel-linux-x86_64-fedora-clang | 1.0.0 | 353.40 | OK | |||
r-devel-linux-x86_64-fedora-gcc | 1.0.0 | 360.52 | OK | |||
r-devel-windows-x86_64 | 1.0.0 | 26.00 | 190.00 | 216.00 | OK | |
r-patched-linux-x86_64 | 1.0.0 | 35.70 | 242.42 | 278.12 | OK | |
r-release-linux-x86_64 | 1.0.0 | 23.38 | 240.69 | 264.07 | OK | |
r-release-macos-arm64 | 1.0.0 | 92.00 | OK | |||
r-release-macos-x86_64 | 1.0.0 | 245.00 | OK | |||
r-release-windows-x86_64 | 1.0.0 | 35.00 | 231.00 | 266.00 | OK | |
r-oldrel-macos-arm64 | 1.0.0 | 138.00 | OK | |||
r-oldrel-macos-x86_64 | 1.0.0 | 231.00 | OK | |||
r-oldrel-windows-x86_64 | 1.0.0 | 35.00 | 218.00 | 253.00 | OK |
Version: 1.0.0
Check: Rd files
Result: NOTE
checkRd: (-1) addFPOD.Rd:42: Lost braces
42 | has FPOD detections, these events may not work with a variety of other ]code{PAMpal}
| ^
Flavors: r-devel-linux-x86_64-debian-clang, r-devel-linux-x86_64-debian-gcc