CRAN Package Check Results for Package PAC

Last updated on 2024-02-24 16:48:28 CET.

Flavor Version Tinstall Tcheck Ttotal Status Flags
r-devel-linux-x86_64-debian-clang 1.1.4 27.23 88.78 116.01 NOTE
r-devel-linux-x86_64-debian-gcc 1.1.4 24.08 57.91 81.99 NOTE
r-devel-linux-x86_64-fedora-clang 1.1.4 147.83 NOTE
r-devel-linux-x86_64-fedora-gcc 1.1.4 145.24 NOTE
r-devel-windows-x86_64 1.1.4 28.00 93.00 121.00 NOTE
r-patched-linux-x86_64 1.1.4 26.59 73.14 99.73 NOTE
r-release-linux-x86_64 1.1.4 20.30 73.70 94.00 NOTE
r-release-macos-arm64 1.1.4 39.00 NOTE
r-release-macos-x86_64 1.1.4 69.00 NOTE
r-release-windows-x86_64 1.1.4 35.00 110.00 145.00 NOTE
r-oldrel-macos-arm64 1.1.4 38.00 OK
r-oldrel-windows-x86_64 1.1.4 34.00 113.00 147.00 OK

Check Details

Version: 1.1.4
Check: C++ specification
Result: NOTE Specified C++11: please drop specification unless essential Flavors: r-devel-linux-x86_64-debian-clang, r-devel-linux-x86_64-debian-gcc, r-devel-linux-x86_64-fedora-clang, r-devel-linux-x86_64-fedora-gcc, r-devel-windows-x86_64, r-patched-linux-x86_64, r-release-linux-x86_64, r-release-macos-arm64, r-release-macos-x86_64, r-release-windows-x86_64