CRAN Package Check Results for Package OutrankingTools

Last updated on 2020-10-25 15:48:53 CET.

Flavor Version Tinstall Tcheck Ttotal Status Flags
r-devel-linux-x86_64-debian-clang 1.0 6.01 38.71 44.72 NOTE
r-devel-linux-x86_64-debian-gcc 1.0 5.05 29.25 34.30 NOTE
r-devel-linux-x86_64-fedora-clang 1.0 63.52 NOTE
r-devel-linux-x86_64-fedora-gcc 1.0 55.22 NOTE
r-devel-windows-ix86+x86_64 1.0 11.00 55.00 66.00 OK
r-patched-linux-x86_64 1.0 6.09 35.76 41.85 NOTE
r-patched-solaris-x86 1.0 71.40 NOTE
r-release-linux-x86_64 1.0 5.57 35.68 41.25 NOTE
r-release-macos-x86_64 1.0 OK
r-release-windows-ix86+x86_64 1.0 8.00 38.00 46.00 OK
r-oldrel-macos-x86_64 1.0 NOTE
r-oldrel-windows-ix86+x86_64 1.0 9.00 52.00 61.00 NOTE

Check Details

Version: 1.0
Check: for non-standard things in the check directory
Result: NOTE
    Found the following files/directories:
     'result.txt'
Flavors: r-devel-linux-x86_64-debian-clang, r-devel-linux-x86_64-debian-gcc, r-devel-linux-x86_64-fedora-clang, r-devel-linux-x86_64-fedora-gcc, r-patched-linux-x86_64, r-patched-solaris-x86, r-release-linux-x86_64

Version: 1.0
Check: R code for possible problems
Result: NOTE
    Electre3_AlphaBetaThresholds: no visible global function definition for
     ‘plot’
    Electre3_SimpleThresholds: no visible global function definition for
     ‘plot’
    Electre_1: no visible global function definition for ‘plot’
    Undefined global functions or variables:
     plot
    Consider adding
     importFrom("graphics", "plot")
    to your NAMESPACE file.
Flavors: r-oldrel-macos-x86_64, r-oldrel-windows-ix86+x86_64