CRAN Package Check Results for Package OutliersO3

Last updated on 2024-06-13 16:49:18 CEST.

Flavor Version Tinstall Tcheck Ttotal Status Flags
r-devel-linux-x86_64-debian-clang 0.6.3 11.48 274.41 285.89 OK
r-devel-linux-x86_64-debian-gcc 0.6.3 0.54 1.84 2.38 ERROR
r-devel-linux-x86_64-fedora-clang 0.6.3 359.88 OK
r-devel-linux-x86_64-fedora-gcc 0.6.3 359.42 OK
r-devel-windows-x86_64 0.6.3 14.00 218.00 232.00 OK
r-patched-linux-x86_64 0.6.3 8.82 262.97 271.79 OK
r-release-linux-x86_64 0.6.3 10.57 267.06 277.63 OK
r-release-macos-arm64 0.6.3 107.00 OK
r-release-macos-x86_64 0.6.3 158.00 OK
r-release-windows-x86_64 0.6.3 13.00 204.00 217.00 OK
r-oldrel-macos-arm64 0.6.3 130.00 OK
r-oldrel-macos-x86_64 0.6.3 201.00 OK
r-oldrel-windows-x86_64 0.6.3 18.00 259.00 277.00 OK

Check Details

Version: 0.6.3
Check: package dependencies
Result: ERROR Packages required but not available: 'ggplot2', 'dplyr', 'tidyr', 'forcats', 'HDoutliers', 'cellWise', 'GGally' See section ‘The DESCRIPTION file’ in the ‘Writing R Extensions’ manual. Flavor: r-devel-linux-x86_64-debian-gcc