CRAN Package Check Results for Package OptimalGoldstandardDesigns

Last updated on 2024-02-29 15:53:53 CET.

Flavor Version Tinstall Tcheck Ttotal Status Flags
r-devel-linux-x86_64-debian-clang 1.0.1 6.60 67.22 73.82 NOTE
r-devel-linux-x86_64-debian-gcc 1.0.1 6.06 51.44 57.50 NOTE
r-devel-linux-x86_64-fedora-clang 1.0.1 92.89 NOTE
r-devel-linux-x86_64-fedora-gcc 1.0.1 108.21 NOTE
r-devel-windows-x86_64 1.0.1 7.00 78.00 85.00 OK
r-patched-linux-x86_64 1.0.1 5.21 65.81 71.02 OK
r-release-linux-x86_64 1.0.1 4.76 65.96 70.72 OK
r-release-macos-arm64 1.0.1 48.00 OK
r-release-macos-x86_64 1.0.1 68.00 OK
r-release-windows-x86_64 1.0.1 10.00 90.00 100.00 OK
r-oldrel-macos-arm64 1.0.1 37.00 OK
r-oldrel-windows-x86_64 1.0.1 11.00 88.00 99.00 OK

Check Details

Version: 1.0.1
Check: Rd files
Result: NOTE checkRd: (-1) calc_n_from_c.Rd:5: Lost braces; missing escapes or markup? 5 | \title{Helper function to calculate other n's given n_{1,T} and allocation ratios} | ^ checkRd: (-1) calc_n_from_c.Rd:15: Lost braces; missing escapes or markup? 15 | Helper function to calculate other n's given n_{1,T} and allocation ratios | ^ Flavors: r-devel-linux-x86_64-debian-clang, r-devel-linux-x86_64-debian-gcc, r-devel-linux-x86_64-fedora-clang, r-devel-linux-x86_64-fedora-gcc