CRAN Package Check Results for Package OpenSpecy

Last updated on 2024-06-13 16:49:17 CEST.

Flavor Version Tinstall Tcheck Ttotal Status Flags
r-devel-linux-x86_64-debian-clang 1.0.8 20.82 213.73 234.55 OK
r-devel-linux-x86_64-debian-gcc 1.0.8 0.96 1.94 2.90 ERROR
r-devel-linux-x86_64-fedora-clang 1.0.8 300.10 NOTE
r-devel-linux-x86_64-fedora-gcc 1.0.8 297.53 NOTE
r-devel-windows-x86_64 1.0.8 17.00 169.00 186.00 NOTE
r-patched-linux-x86_64 1.0.8 14.23 203.93 218.16 OK
r-release-linux-x86_64 1.0.8 12.62 207.62 220.24 OK
r-release-macos-arm64 1.0.8 89.00 NOTE
r-release-macos-x86_64 1.0.8 130.00 NOTE
r-release-windows-x86_64 1.0.8 17.00 166.00 183.00 NOTE
r-oldrel-macos-arm64 1.0.8 103.00 NOTE
r-oldrel-macos-x86_64 1.0.8 205.00 NOTE
r-oldrel-windows-x86_64 1.0.8 22.00 216.00 238.00 NOTE

Check Details

Version: 1.0.8
Check: package dependencies
Result: ERROR Packages required but not available: 'osfr', 'hyperSpec', 'plotly' Packages suggested but not available for checking: 'testthat', 'dplyr', 'ggplot2' See section ‘The DESCRIPTION file’ in the ‘Writing R Extensions’ manual. Flavor: r-devel-linux-x86_64-debian-gcc

Version: 1.0.8
Check: installed package size
Result: NOTE installed size is 5.9Mb sub-directories of 1Mb or more: doc 4.3Mb Flavors: r-devel-linux-x86_64-fedora-clang, r-devel-windows-x86_64, r-release-macos-arm64, r-release-macos-x86_64, r-release-windows-x86_64, r-oldrel-macos-arm64, r-oldrel-macos-x86_64, r-oldrel-windows-x86_64

Version: 1.0.8
Check: data for non-ASCII characters
Result: NOTE Note: found 10 marked UTF-8 strings Flavors: r-devel-linux-x86_64-fedora-clang, r-devel-linux-x86_64-fedora-gcc