CRAN Package Check Results for Package OpenML

Last updated on 2020-08-14 03:47:52 CEST.

Flavor Version Tinstall Tcheck Ttotal Status Flags
r-devel-linux-x86_64-debian-clang 1.10 9.98 63.91 73.89 OK
r-devel-linux-x86_64-debian-gcc 1.10 5.80 48.56 54.36 OK
r-devel-linux-x86_64-fedora-clang 1.10 97.52 OK
r-devel-linux-x86_64-fedora-gcc 1.10 85.16 OK
r-devel-windows-ix86+x86_64 1.10 21.00 95.00 116.00 OK
r-patched-linux-x86_64 1.10 9.37 61.52 70.89 OK
r-patched-solaris-x86 1.10 117.40 NOTE
r-release-linux-x86_64 1.10 8.89 62.86 71.75 OK
r-release-macos-x86_64 1.10 OK
r-release-windows-ix86+x86_64 1.10 28.00 98.00 126.00 OK
r-oldrel-macos-x86_64 1.10 OK
r-oldrel-windows-ix86+x86_64 1.10 16.00 67.00 83.00 OK

Check Details

Version: 1.10
Check: package dependencies
Result: NOTE
    Package suggested but not available for checking: ‘RWeka’
Flavor: r-patched-solaris-x86