Last updated on 2023-11-29 16:51:56 CET.
Flavor | Version | Tinstall | Tcheck | Ttotal | Status | Flags |
---|---|---|---|---|---|---|
r-devel-linux-x86_64-debian-clang | 1.3.0 | 67.28 | 115.21 | 182.49 | OK | |
r-devel-linux-x86_64-debian-gcc | 1.3.0 | 51.66 | 87.05 | 138.71 | OK | |
r-devel-linux-x86_64-fedora-clang | 1.3.0 | 254.67 | OK | |||
r-devel-linux-x86_64-fedora-gcc | 1.3.0 | 267.18 | OK | |||
r-devel-windows-x86_64 | 1.3.0 | 53.00 | 156.00 | 209.00 | NOTE | |
r-patched-linux-x86_64 | 1.3.0 | 65.25 | 107.88 | 173.13 | OK | |
r-release-linux-x86_64 | 1.3.0 | 64.72 | 108.26 | 172.98 | OK | |
r-release-macos-arm64 | 1.3.0 | 65.00 | NOTE | |||
r-release-macos-x86_64 | 1.3.0 | 162.00 | NOTE | |||
r-release-windows-x86_64 | 1.3.0 | 69.00 | 173.00 | 242.00 | NOTE | |
r-oldrel-macos-arm64 | 1.3.0 | 63.00 | NOTE | |||
r-oldrel-macos-x86_64 | 1.3.0 | 94.00 | NOTE | |||
r-oldrel-windows-x86_64 | 1.3.0 | 65.00 | 166.00 | 231.00 | NOTE |
Version: 1.3.0
Check: installed package size
Result: NOTE
installed size is 5.1Mb
sub-directories of 1Mb or more:
doc 2.4Mb
libs 1.6Mb
Flavors: r-devel-windows-x86_64, r-release-macos-arm64, r-release-macos-x86_64, r-release-windows-x86_64, r-oldrel-macos-arm64, r-oldrel-macos-x86_64, r-oldrel-windows-x86_64