CRAN Package Check Results for Package Omisc

Last updated on 2020-08-08 15:46:56 CEST.

Flavor Version Tinstall Tcheck Ttotal Status Flags
r-devel-linux-x86_64-debian-clang 0.1.2 3.40 54.65 58.05 OK
r-devel-linux-x86_64-debian-gcc 0.1.2 3.01 41.45 44.46 OK
r-devel-linux-x86_64-fedora-clang 0.1.2 75.52 NOTE
r-devel-linux-x86_64-fedora-gcc 0.1.2 66.21 NOTE
r-devel-windows-ix86+x86_64 0.1.2 12.00 105.00 117.00 OK
r-patched-linux-x86_64 0.1.2 3.99 52.04 56.03 OK
r-patched-solaris-x86 0.1.2 95.60 NOTE
r-release-linux-x86_64 0.1.2 3.61 52.75 56.36 OK
r-release-macos-x86_64 0.1.2 NOTE
r-release-windows-ix86+x86_64 0.1.2 12.00 67.00 79.00 OK
r-oldrel-macos-x86_64 0.1.2 NOTE
r-oldrel-windows-ix86+x86_64 0.1.2 6.00 73.00 79.00 OK

Check Details

Version: 0.1.2
Check: dependencies in R code
Result: NOTE
    Namespace in Imports field not imported from: ‘base’
     All declared Imports should be used.
Flavors: r-devel-linux-x86_64-fedora-clang, r-devel-linux-x86_64-fedora-gcc, r-patched-solaris-x86, r-release-macos-x86_64, r-oldrel-macos-x86_64