Last updated on 2023-11-28 16:48:27 CET.
Flavor | Version | Tinstall | Tcheck | Ttotal | Status | Flags |
---|---|---|---|---|---|---|
r-devel-linux-x86_64-debian-clang | 1.0.0 | 16.67 | 89.23 | 105.90 | OK | |
r-devel-linux-x86_64-debian-gcc | 1.0.0 | 15.24 | 69.50 | 84.74 | OK | |
r-devel-linux-x86_64-fedora-clang | 1.0.0 | 136.02 | NOTE | |||
r-devel-linux-x86_64-fedora-gcc | 1.0.0 | 131.11 | OK | |||
r-devel-windows-x86_64 | 1.0.0 | 17.00 | 85.00 | 102.00 | OK | |
r-patched-linux-x86_64 | 1.0.0 | 14.49 | 86.30 | 100.79 | OK | |
r-release-linux-x86_64 | 1.0.0 | 10.91 | 87.55 | 98.46 | OK | |
r-release-macos-arm64 | 1.0.0 | 46.00 | NOTE | |||
r-release-macos-x86_64 | 1.0.0 | 77.00 | NOTE | |||
r-release-windows-x86_64 | 1.0.0 | 24.00 | 99.00 | 123.00 | OK | |
r-oldrel-macos-arm64 | 1.0.0 | 52.00 | NOTE | |||
r-oldrel-macos-x86_64 | 1.0.0 | 74.00 | NOTE | |||
r-oldrel-windows-x86_64 | 1.0.0 | 26.00 | 108.00 | 134.00 | OK |
Version: 1.0.0
Check: installed package size
Result: NOTE
installed size is 5.1Mb
sub-directories of 1Mb or more:
data 4.7Mb
Flavors: r-devel-linux-x86_64-fedora-clang, r-release-macos-arm64, r-release-macos-x86_64, r-oldrel-macos-arm64, r-oldrel-macos-x86_64