Last updated on 2023-12-03 16:51:49 CET.
Flavor | Version | Tinstall | Tcheck | Ttotal | Status | Flags |
---|---|---|---|---|---|---|
r-devel-linux-x86_64-debian-clang | 0.1.2 | 24.77 | 464.03 | 488.80 | NOTE | |
r-devel-linux-x86_64-debian-gcc | 0.1.2 | 18.40 | 339.60 | 358.00 | NOTE | |
r-devel-linux-x86_64-fedora-clang | 0.1.2 | 633.98 | NOTE | |||
r-devel-linux-x86_64-fedora-gcc | 0.1.2 | 618.06 | OK | |||
r-devel-windows-x86_64 | 0.1.2 | 22.00 | 313.00 | 335.00 | OK | |
r-patched-linux-x86_64 | 0.1.2 | 24.22 | 428.62 | 452.84 | OK | |
r-release-linux-x86_64 | 0.1.2 | 18.75 | 438.05 | 456.80 | OK | |
r-release-macos-arm64 | 0.1.2 | 167.00 | OK | |||
r-release-macos-x86_64 | 0.1.2 | 286.00 | OK | |||
r-release-windows-x86_64 | 0.1.2 | 29.00 | 419.00 | 448.00 | OK | |
r-oldrel-macos-arm64 | 0.1.2 | 140.00 | OK | |||
r-oldrel-macos-x86_64 | 0.1.2 | 178.00 | OK | |||
r-oldrel-windows-x86_64 | 0.1.2 | 27.00 | 414.00 | 441.00 | OK |
Version: 0.1.2
Check: Rd files
Result: NOTE
checkRd: (-1) imput_cov.Rd:79: Lost braces
79 | \item van Buuren, S., Groothuis-Oudshoorn, K. (2011). mice: Multivariate Imputation by Chained Equations in R. Journal of Statistical Software, 45(3), 1–67. url{https://www.jstatsoft.org/v45/i03/}
| ^
checkRd: (-1) indiv_grp_closest.Rd:47: Lost braces; missing escapes or markup?
47 | The function \code{indiv_grp_closest} is an intermediate function used in the implementation of an algorithm called {OUTCOME} (and its enrichment {R-OUTCOME}, see the reference (2) for more details) dedicated to the solving of recoding problems in data fusion using Optimal Transportation theory.
| ^
checkRd: (-1) indiv_grp_closest.Rd:47: Lost braces; missing escapes or markup?
47 | The function \code{indiv_grp_closest} is an intermediate function used in the implementation of an algorithm called {OUTCOME} (and its enrichment {R-OUTCOME}, see the reference (2) for more details) dedicated to the solving of recoding problems in data fusion using Optimal Transportation theory.
| ^
checkRd: (-1) merge_dbs.Rd:179: Lost braces
179 | \item van Buuren, S., Groothuis-Oudshoorn, K. (2011). mice: Multivariate Imputation by Chained Equations in R. Journal of Statistical Software, 45(3), 1–67. url{https://www.jstatsoft.org/v45/i03/}
| ^
Flavors: r-devel-linux-x86_64-debian-clang, r-devel-linux-x86_64-debian-gcc
Version: 0.1.2
Check: Rd cross-references
Result: NOTE
Undeclared package ‘survey’ in Rd xrefs
Flavor: r-devel-linux-x86_64-fedora-clang