CRAN Package Check Results for Package OSNMTF

Last updated on 2024-02-29 15:53:53 CET.

Flavor Version Tinstall Tcheck Ttotal Status Flags
r-devel-linux-x86_64-debian-clang 0.1.0 5.93 47.35 53.28 NOTE
r-devel-linux-x86_64-debian-gcc 0.1.0 4.10 35.84 39.94 NOTE
r-devel-linux-x86_64-fedora-clang 0.1.0 64.19 NOTE
r-devel-linux-x86_64-fedora-gcc 0.1.0 72.07 NOTE
r-devel-windows-x86_64 0.1.0 6.00 57.00 63.00 NOTE
r-patched-linux-x86_64 0.1.0 5.50 45.46 50.96 NOTE
r-release-linux-x86_64 0.1.0 5.57 45.25 50.82 NOTE
r-release-macos-arm64 0.1.0 35.00 NOTE
r-release-macos-x86_64 0.1.0 45.00 NOTE
r-release-windows-x86_64 0.1.0 8.00 62.00 70.00 NOTE
r-oldrel-macos-arm64 0.1.0 25.00 NOTE
r-oldrel-windows-x86_64 0.1.0 7.00 65.00 72.00 NOTE

Check Details

Version: 0.1.0
Check: LazyData
Result: NOTE 'LazyData' is specified without a 'data' directory Flavors: r-devel-linux-x86_64-debian-clang, r-devel-linux-x86_64-debian-gcc, r-devel-linux-x86_64-fedora-clang, r-devel-linux-x86_64-fedora-gcc, r-devel-windows-x86_64, r-patched-linux-x86_64, r-release-linux-x86_64, r-release-macos-arm64, r-release-macos-x86_64, r-release-windows-x86_64, r-oldrel-macos-arm64, r-oldrel-windows-x86_64