Last updated on 2023-12-04 05:09:14 CET.
Flavor | Version | Tinstall | Tcheck | Ttotal | Status | Flags |
---|---|---|---|---|---|---|
r-devel-linux-x86_64-debian-clang | 1.0-2 | 4.06 | 43.57 | 47.63 | NOTE | |
r-devel-linux-x86_64-debian-gcc | 1.0-2 | 3.72 | 32.53 | 36.25 | NOTE | |
r-devel-linux-x86_64-fedora-clang | 1.0-2 | 58.25 | NOTE | |||
r-devel-linux-x86_64-fedora-gcc | 1.0-2 | 56.53 | NOTE | |||
r-devel-windows-x86_64 | 1.0-2 | 4.00 | 50.00 | 54.00 | OK | |
r-patched-linux-x86_64 | 1.0-2 | 3.72 | 42.95 | 46.67 | NOTE | |
r-release-linux-x86_64 | 1.0-2 | 4.04 | 41.91 | 45.95 | NOTE | |
r-release-macos-arm64 | 1.0-2 | 18.00 | OK | |||
r-release-macos-x86_64 | 1.0-2 | 29.00 | OK | |||
r-release-windows-x86_64 | 1.0-2 | 4.00 | 55.00 | 59.00 | OK | |
r-oldrel-macos-arm64 | 1.0-2 | 16.00 | OK | |||
r-oldrel-macos-x86_64 | 1.0-2 | 28.00 | OK | |||
r-oldrel-windows-x86_64 | 1.0-2 | 22.00 | 67.00 | 89.00 | OK |
Version: 1.0-2
Check: for non-standard things in the check directory
Result: NOTE
Found the following files/directories:
‘cluster of fitted mean data.eps’ ‘cluster of fitted mean data.txt’
‘cluster of raw data.txt’
Flavors: r-devel-linux-x86_64-debian-clang, r-devel-linux-x86_64-debian-gcc, r-devel-linux-x86_64-fedora-clang, r-devel-linux-x86_64-fedora-gcc, r-patched-linux-x86_64, r-release-linux-x86_64