CRAN Package Check Results for Package ODataQuery

Last updated on 2024-02-25 04:51:12 CET.

Flavor Version Tinstall Tcheck Ttotal Status Flags
r-devel-linux-x86_64-debian-clang 0.5.3 3.17 31.50 34.67 OK
r-devel-linux-x86_64-debian-gcc 0.5.3 2.58 24.84 27.42 OK
r-devel-linux-x86_64-fedora-clang 0.5.3 43.94 NOTE
r-devel-linux-x86_64-fedora-gcc 0.5.3 53.34 NOTE
r-devel-windows-x86_64 0.5.3 4.00 52.00 56.00 OK
r-patched-linux-x86_64 0.5.3 3.67 31.00 34.67 OK
r-release-linux-x86_64 0.5.3 2.89 30.89 33.78 OK
r-release-macos-arm64 0.5.3 29.00 OK
r-release-macos-x86_64 0.5.3 37.00 OK
r-release-windows-x86_64 0.5.3 4.00 52.00 56.00 OK
r-oldrel-macos-arm64 0.5.3 21.00 NOTE
r-oldrel-windows-x86_64 0.5.3 5.00 57.00 62.00 OK

Check Details

Version: 0.5.3
Check: dependencies in R code
Result: NOTE Namespace in Imports field not imported from: ‘R6’ All declared Imports should be used. Flavors: r-devel-linux-x86_64-fedora-clang, r-devel-linux-x86_64-fedora-gcc, r-oldrel-macos-arm64