CRAN Package Check Results for Package ODEnetwork

Last updated on 2024-02-25 04:51:12 CET.

Flavor Version Tinstall Tcheck Ttotal Status Flags
r-devel-linux-x86_64-debian-clang 1.3.2 3.93 36.51 40.44 NOTE
r-devel-linux-x86_64-debian-gcc 1.3.2 2.95 28.54 31.49 NOTE
r-devel-linux-x86_64-fedora-clang 1.3.2 50.58 NOTE
r-devel-linux-x86_64-fedora-gcc 1.3.2 59.60 NOTE
r-devel-windows-x86_64 1.3.2 4.00 52.00 56.00 NOTE
r-patched-linux-x86_64 1.3.2 5.81 36.15 41.96 NOTE
r-release-linux-x86_64 1.3.2 3.04 35.31 38.35 NOTE
r-release-macos-arm64 1.3.2 26.00 NOTE
r-release-macos-x86_64 1.3.2 33.00 NOTE
r-release-windows-x86_64 1.3.2 6.00 53.00 59.00 NOTE
r-oldrel-macos-arm64 1.3.2 22.00 NOTE
r-oldrel-windows-x86_64 1.3.2 6.00 56.00 62.00 NOTE

Check Details

Version: 1.3.2
Check: LazyData
Result: NOTE 'LazyData' is specified without a 'data' directory Flavors: r-devel-linux-x86_64-debian-clang, r-devel-linux-x86_64-debian-gcc, r-devel-linux-x86_64-fedora-clang, r-devel-linux-x86_64-fedora-gcc, r-devel-windows-x86_64, r-patched-linux-x86_64, r-release-linux-x86_64, r-release-macos-arm64, r-release-macos-x86_64, r-release-windows-x86_64, r-oldrel-macos-arm64, r-oldrel-windows-x86_64