CRAN Package Check Results for Package NetworkChange

Last updated on 2020-08-07 15:48:49 CEST.

Flavor Version Tinstall Tcheck Ttotal Status Flags
r-devel-linux-x86_64-debian-clang 0.7 27.07 153.31 180.38 OK --no-vignettes
r-devel-linux-x86_64-debian-gcc 0.7 20.23 115.90 136.13 OK --no-vignettes
r-devel-linux-x86_64-fedora-clang 0.7 1526.25 NOTE
r-devel-linux-x86_64-fedora-gcc 0.7 1267.31 NOTE
r-devel-windows-ix86+x86_64 0.7 75.00 1489.00 1564.00 OK
r-patched-linux-x86_64 0.7 20.04 148.34 168.38 OK --no-vignettes
r-patched-solaris-x86 0.7 1725.80 NOTE
r-release-linux-x86_64 0.7 16.36 148.55 164.91 OK --no-vignettes
r-release-macos-x86_64 0.7 NOTE
r-release-windows-ix86+x86_64 0.7 68.00 1093.00 1161.00 OK
r-oldrel-macos-x86_64 0.7 NOTE
r-oldrel-windows-ix86+x86_64 0.7 44.00 993.00 1037.00 OK

Check Details

Version: 0.7
Check: dependencies in R code
Result: NOTE
    Namespace in Imports field not imported from: ‘sna’
     All declared Imports should be used.
Flavors: r-devel-linux-x86_64-fedora-clang, r-devel-linux-x86_64-fedora-gcc, r-patched-solaris-x86, r-release-macos-x86_64, r-oldrel-macos-x86_64

Version: 0.7
Check: installed package size
Result: NOTE
     installed size is 5.0Mb
     sub-directories of 1Mb or more:
     doc 4.5Mb
Flavor: r-patched-solaris-x86