CRAN Package Check Results for Package NbClust

Last updated on 2024-03-03 04:48:42 CET.

Flavor Version Tinstall Tcheck Ttotal Status Flags
r-devel-linux-x86_64-debian-clang 3.0.1 6.23 40.35 46.58 NOTE
r-devel-linux-x86_64-debian-gcc 3.0.1 4.96 29.91 34.87 NOTE
r-devel-linux-x86_64-fedora-clang 3.0.1 57.98 NOTE
r-devel-linux-x86_64-fedora-gcc 3.0.1 58.47 NOTE
r-devel-windows-x86_64 3.0.1 5.00 45.00 50.00 OK
r-patched-linux-x86_64 3.0.1 5.97 39.11 45.08 OK
r-release-linux-x86_64 3.0.1 6.29 40.00 46.29 OK
r-release-macos-arm64 3.0.1 20.00 OK
r-release-macos-x86_64 3.0.1 28.00 OK
r-release-windows-x86_64 3.0.1 8.00 48.00 56.00 OK
r-oldrel-macos-arm64 3.0.1 18.00 OK
r-oldrel-windows-x86_64 3.0.1 9.00 50.00 59.00 OK

Check Details

Version: 3.0.1
Check: Rd files
Result: NOTE checkRd: (-1) NbClust.Rd:50: Lost braces; missing escapes or markup? 50 | \item \bold{Average} : The distance \eqn{D_{ij}}{D_ij} between two clusters \eqn{C_{i}}{C_i} and \eqn{C_{j}}{C_j} is the mean of the distances between the pair of points {x} and {y}, where \eqn{x \in C_{i}, y \in C_{j}}{x in C_i, y in C_j}. | ^ checkRd: (-1) NbClust.Rd:50: Lost braces; missing escapes or markup? 50 | \item \bold{Average} : The distance \eqn{D_{ij}}{D_ij} between two clusters \eqn{C_{i}}{C_i} and \eqn{C_{j}}{C_j} is the mean of the distances between the pair of points {x} and {y}, where \eqn{x \in C_{i}, y \in C_{j}}{x in C_i, y in C_j}. | ^ Flavors: r-devel-linux-x86_64-debian-clang, r-devel-linux-x86_64-debian-gcc, r-devel-linux-x86_64-fedora-clang, r-devel-linux-x86_64-fedora-gcc