Last updated on 2023-12-04 05:09:14 CET.
Flavor | Version | Tinstall | Tcheck | Ttotal | Status | Flags |
---|---|---|---|---|---|---|
r-devel-linux-x86_64-debian-clang | 0.13.3 | 305.50 | 136.50 | 442.00 | NOTE | |
r-devel-linux-x86_64-debian-gcc | 0.13.3 | 206.62 | 98.47 | 305.09 | NOTE | |
r-devel-linux-x86_64-fedora-clang | 0.13.3 | 647.84 | NOTE | |||
r-devel-linux-x86_64-fedora-gcc | 0.13.3 | 629.55 | NOTE | |||
r-devel-windows-x86_64 | 0.13.3 | 220.00 | 138.00 | 358.00 | NOTE | |
r-patched-linux-x86_64 | 0.13.3 | 246.62 | 127.88 | 374.50 | NOTE | |
r-release-linux-x86_64 | 0.13.3 | 253.09 | 126.04 | 379.13 | NOTE | |
r-release-macos-arm64 | 0.13.3 | 133.00 | NOTE | |||
r-release-macos-x86_64 | 0.13.3 | 230.00 | NOTE | |||
r-release-windows-x86_64 | 0.13.3 | 281.00 | 184.00 | 465.00 | NOTE | |
r-oldrel-macos-arm64 | 0.13.3 | 118.00 | NOTE | |||
r-oldrel-macos-x86_64 | 0.13.3 | 221.00 | NOTE | |||
r-oldrel-windows-x86_64 | 0.13.3 | 275.00 | 153.00 | 428.00 | OK |
Version: 0.13.3
Check: C++ specification
Result: NOTE
Specified C++11: please drop specification unless essential
Flavors: r-devel-linux-x86_64-debian-clang, r-devel-linux-x86_64-debian-gcc, r-devel-linux-x86_64-fedora-clang, r-devel-linux-x86_64-fedora-gcc, r-devel-windows-x86_64, r-patched-linux-x86_64, r-release-linux-x86_64, r-release-macos-arm64, r-release-macos-x86_64, r-release-windows-x86_64
Version: 0.13.3
Check: Rd files
Result: NOTE
checkRd: (-1) DPMGibbsN.Rd:61-63: Lost braces in \itemize; \value handles \item{}{} directly
checkRd: (-1) DPMGibbsN.Rd:64-65: Lost braces in \itemize; \value handles \item{}{} directly
checkRd: (-1) DPMGibbsN.Rd:66-67: Lost braces in \itemize; \value handles \item{}{} directly
checkRd: (-1) DPMGibbsN.Rd:68-69: Lost braces in \itemize; \value handles \item{}{} directly
checkRd: (-1) DPMGibbsN.Rd:70-71: Lost braces in \itemize; \value handles \item{}{} directly
checkRd: (-1) DPMGibbsN.Rd:72-73: Lost braces in \itemize; \value handles \item{}{} directly
checkRd: (-1) DPMGibbsN.Rd:74-75: Lost braces in \itemize; \value handles \item{}{} directly
checkRd: (-1) DPMGibbsN.Rd:76-77: Lost braces in \itemize; \value handles \item{}{} directly
checkRd: (-1) DPMGibbsN.Rd:78: Lost braces in \itemize; \value handles \item{}{} directly
checkRd: (-1) DPMGibbsN.Rd:79: Lost braces in \itemize; \value handles \item{}{} directly
checkRd: (-1) DPMGibbsN.Rd:80: Lost braces in \itemize; \value handles \item{}{} directly
checkRd: (-1) DPMGibbsN_SeqPrior.Rd:61-63: Lost braces in \itemize; \value handles \item{}{} directly
checkRd: (-1) DPMGibbsN_SeqPrior.Rd:64-65: Lost braces in \itemize; \value handles \item{}{} directly
checkRd: (-1) DPMGibbsN_SeqPrior.Rd:66-67: Lost braces in \itemize; \value handles \item{}{} directly
checkRd: (-1) DPMGibbsN_SeqPrior.Rd:68-69: Lost braces in \itemize; \value handles \item{}{} directly
checkRd: (-1) DPMGibbsN_SeqPrior.Rd:70-71: Lost braces in \itemize; \value handles \item{}{} directly
checkRd: (-1) DPMGibbsN_SeqPrior.Rd:73-74: Lost braces in \itemize; \value handles \item{}{} directly
checkRd: (-1) DPMGibbsN_SeqPrior.Rd:75-76: Lost braces in \itemize; \value handles \item{}{} directly
checkRd: (-1) DPMGibbsN_SeqPrior.Rd:77: Lost braces in \itemize; \value handles \item{}{} directly
checkRd: (-1) DPMGibbsN_SeqPrior.Rd:78: Lost braces in \itemize; \value handles \item{}{} directly
checkRd: (-1) DPMGibbsN_SeqPrior.Rd:79: Lost braces in \itemize; \value handles \item{}{} directly
checkRd: (-1) DPMGibbsN_parallel.Rd:77-79: Lost braces in \itemize; \value handles \item{}{} directly
checkRd: (-1) DPMGibbsN_parallel.Rd:80-81: Lost braces in \itemize; \value handles \item{}{} directly
checkRd: (-1) DPMGibbsN_parallel.Rd:82-83: Lost braces in \itemize; \value handles \item{}{} directly
checkRd: (-1) DPMGibbsN_parallel.Rd:84-85: Lost braces in \itemize; \value handles \item{}{} directly
checkRd: (-1) DPMGibbsN_parallel.Rd:86-87: Lost braces in \itemize; \value handles \item{}{} directly
checkRd: (-1) DPMGibbsN_parallel.Rd:88-89: Lost braces in \itemize; \value handles \item{}{} directly
checkRd: (-1) DPMGibbsN_parallel.Rd:90-91: Lost braces in \itemize; \value handles \item{}{} directly
checkRd: (-1) DPMGibbsN_parallel.Rd:92-93: Lost braces in \itemize; \value handles \item{}{} directly
checkRd: (-1) DPMGibbsN_parallel.Rd:94: Lost braces in \itemize; \value handles \item{}{} directly
checkRd: (-1) DPMGibbsN_parallel.Rd:95: Lost braces in \itemize; \value handles \item{}{} directly
checkRd: (-1) DPMGibbsN_parallel.Rd:96: Lost braces in \itemize; \value handles \item{}{} directly
checkRd: (-1) DPMGibbsSkewN.Rd:62-64: Lost braces in \itemize; \value handles \item{}{} directly
checkRd: (-1) DPMGibbsSkewN.Rd:65-66: Lost braces in \itemize; \value handles \item{}{} directly
checkRd: (-1) DPMGibbsSkewN.Rd:67-68: Lost braces in \itemize; \value handles \item{}{} directly
checkRd: (-1) DPMGibbsSkewN.Rd:70-71: Lost braces in \itemize; \value handles \item{}{} directly
checkRd: (-1) DPMGibbsSkewN.Rd:72-73: Lost braces in \itemize; \value handles \item{}{} directly
checkRd: (-1) DPMGibbsSkewN.Rd:74: Lost braces in \itemize; \value handles \item{}{} directly
checkRd: (-1) DPMGibbsSkewN.Rd:75: Lost braces in \itemize; \value handles \item{}{} directly
checkRd: (-1) DPMGibbsSkewN.Rd:76: Lost braces in \itemize; \value handles \item{}{} directly
checkRd: (-1) DPMGibbsSkewN_parallel.Rd:76-78: Lost braces in \itemize; \value handles \item{}{} directly
checkRd: (-1) DPMGibbsSkewN_parallel.Rd:79-80: Lost braces in \itemize; \value handles \item{}{} directly
checkRd: (-1) DPMGibbsSkewN_parallel.Rd:81-82: Lost braces in \itemize; \value handles \item{}{} directly
checkRd: (-1) DPMGibbsSkewN_parallel.Rd:84-85: Lost braces in \itemize; \value handles \item{}{} directly
checkRd: (-1) DPMGibbsSkewN_parallel.Rd:86-87: Lost braces in \itemize; \value handles \item{}{} directly
checkRd: (-1) DPMGibbsSkewN_parallel.Rd:88: Lost braces in \itemize; \value handles \item{}{} directly
checkRd: (-1) DPMGibbsSkewN_parallel.Rd:89: Lost braces in \itemize; \value handles \item{}{} directly
checkRd: (-1) DPMGibbsSkewN_parallel.Rd:90: Lost braces in \itemize; \value handles \item{}{} directly
checkRd: (-1) DPMGibbsSkewT.Rd:85-87: Lost braces in \itemize; \value handles \item{}{} directly
checkRd: (-1) DPMGibbsSkewT.Rd:88-89: Lost braces in \itemize; \value handles \item{}{} directly
checkRd: (-1) DPMGibbsSkewT.Rd:90-91: Lost braces in \itemize; \value handles \item{}{} directly
checkRd: (-1) DPMGibbsSkewT.Rd:92-93: Lost braces in \itemize; \value handles \item{}{} directly
checkRd: (-1) DPMGibbsSkewT.Rd:94-95: Lost braces in \itemize; \value handles \item{}{} directly
checkRd: (-1) DPMGibbsSkewT.Rd:96-97: Lost braces in \itemize; \value handles \item{}{} directly
checkRd: (-1) DPMGibbsSkewT.Rd:98: Lost braces in \itemize; \value handles \item{}{} directly
checkRd: (-1) DPMGibbsSkewT.Rd:99: Lost braces in \itemize; \value handles \item{}{} directly
checkRd: (-1) DPMGibbsSkewT.Rd:100: Lost braces in \itemize; \value handles \item{}{} directly
checkRd: (-1) DPMGibbsSkewT_SeqPrior.Rd:60-62: Lost braces in \itemize; \value handles \item{}{} directly
checkRd: (-1) DPMGibbsSkewT_SeqPrior.Rd:63-64: Lost braces in \itemize; \value handles \item{}{} directly
checkRd: (-1) DPMGibbsSkewT_SeqPrior.Rd:65-66: Lost braces in \itemize; \value handles \item{}{} directly
checkRd: (-1) DPMGibbsSkewT_SeqPrior.Rd:67-68: Lost braces in \itemize; \value handles \item{}{} directly
checkRd: (-1) DPMGibbsSkewT_SeqPrior.Rd:69-70: Lost braces in \itemize; \value handles \item{}{} directly
checkRd: (-1) DPMGibbsSkewT_SeqPrior.Rd:71-72: Lost braces in \itemize; \value handles \item{}{} directly
checkRd: (-1) DPMGibbsSkewT_SeqPrior.Rd:73: Lost braces in \itemize; \value handles \item{}{} directly
checkRd: (-1) DPMGibbsSkewT_SeqPrior.Rd:74: Lost braces in \itemize; \value handles \item{}{} directly
checkRd: (-1) DPMGibbsSkewT_SeqPrior.Rd:75: Lost braces in \itemize; \value handles \item{}{} directly
checkRd: (-1) DPMGibbsSkewT_SeqPrior_parallel.Rd:73-75: Lost braces in \itemize; \value handles \item{}{} directly
checkRd: (-1) DPMGibbsSkewT_SeqPrior_parallel.Rd:76-77: Lost braces in \itemize; \value handles \item{}{} directly
checkRd: (-1) DPMGibbsSkewT_SeqPrior_parallel.Rd:78-79: Lost braces in \itemize; \value handles \item{}{} directly
checkRd: (-1) DPMGibbsSkewT_SeqPrior_parallel.Rd:80-81: Lost braces in \itemize; \value handles \item{}{} directly
checkRd: (-1) DPMGibbsSkewT_SeqPrior_parallel.Rd:82-83: Lost braces in \itemize; \value handles \item{}{} directly
checkRd: (-1) DPMGibbsSkewT_SeqPrior_parallel.Rd:84-85: Lost braces in \itemize; \value handles \item{}{} directly
checkRd: (-1) DPMGibbsSkewT_SeqPrior_parallel.Rd:86: Lost braces in \itemize; \value handles \item{}{} directly
checkRd: (-1) DPMGibbsSkewT_SeqPrior_parallel.Rd:87: Lost braces in \itemize; \value handles \item{}{} directly
checkRd: (-1) DPMGibbsSkewT_SeqPrior_parallel.Rd:88: Lost braces in \itemize; \value handles \item{}{} directly
checkRd: (-1) DPMGibbsSkewT_parallel.Rd:76-78: Lost braces in \itemize; \value handles \item{}{} directly
checkRd: (-1) DPMGibbsSkewT_parallel.Rd:79-80: Lost braces in \itemize; \value handles \item{}{} directly
checkRd: (-1) DPMGibbsSkewT_parallel.Rd:81-82: Lost braces in \itemize; \value handles \item{}{} directly
checkRd: (-1) DPMGibbsSkewT_parallel.Rd:83-84: Lost braces in \itemize; \value handles \item{}{} directly
checkRd: (-1) DPMGibbsSkewT_parallel.Rd:85-86: Lost braces in \itemize; \value handles \item{}{} directly
checkRd: (-1) DPMGibbsSkewT_parallel.Rd:87-88: Lost braces in \itemize; \value handles \item{}{} directly
checkRd: (-1) DPMGibbsSkewT_parallel.Rd:89: Lost braces in \itemize; \value handles \item{}{} directly
checkRd: (-1) DPMGibbsSkewT_parallel.Rd:90: Lost braces in \itemize; \value handles \item{}{} directly
checkRd: (-1) DPMGibbsSkewT_parallel.Rd:91: Lost braces in \itemize; \value handles \item{}{} directly
checkRd: (-1) DPMpost.Rd:74-76: Lost braces in \itemize; \value handles \item{}{} directly
checkRd: (-1) DPMpost.Rd:77-78: Lost braces in \itemize; \value handles \item{}{} directly
checkRd: (-1) DPMpost.Rd:79-80: Lost braces in \itemize; \value handles \item{}{} directly
checkRd: (-1) DPMpost.Rd:81-82: Lost braces in \itemize; \value handles \item{}{} directly
checkRd: (-1) DPMpost.Rd:83-84: Lost braces in \itemize; \value handles \item{}{} directly
checkRd: (-1) DPMpost.Rd:85-86: Lost braces in \itemize; \value handles \item{}{} directly
checkRd: (-1) DPMpost.Rd:87: Lost braces in \itemize; \value handles \item{}{} directly
checkRd: (-1) DPMpost.Rd:88: Lost braces in \itemize; \value handles \item{}{} directly
checkRd: (-1) DPMpost.Rd:89: Lost braces in \itemize; \value handles \item{}{} directly
checkRd: (-1) Fmeasure_costC.Rd:15: Lost braces in \itemize; \value handles \item{}{} directly
checkRd: (-1) cluster_est_Fmeasure.Rd:20: Lost braces in \itemize; \value handles \item{}{} directly
checkRd: (-1) cluster_est_Fmeasure.Rd:21-22: Lost braces in \itemize; \value handles \item{}{} directly
checkRd: (-1) cluster_est_Fmeasure.Rd:23-24: Lost braces in \itemize; \value handles \item{}{} directly
checkRd: (-1) cluster_est_Fmeasure.Rd:25-26: Lost braces in \itemize; \value handles \item{}{} directly
checkRd: (-1) cluster_est_Mbinder_norm.Rd:34: Lost braces in \itemize; \value handles \item{}{} directly
checkRd: (-1) cluster_est_Mbinder_norm.Rd:35-36: Lost braces in \itemize; \value handles \item{}{} directly
checkRd: (-1) cluster_est_Mbinder_norm.Rd:37-38: Lost braces in \itemize; \value handles \item{}{} directly
checkRd: (-1) cluster_est_Mbinder_norm.Rd:39-40: Lost braces in \itemize; \value handles \item{}{} directly
checkRd: (-1) cluster_est_binder.Rd:20: Lost braces in \itemize; \value handles \item{}{} directly
checkRd: (-1) cluster_est_binder.Rd:21-22: Lost braces in \itemize; \value handles \item{}{} directly
checkRd: (-1) cluster_est_binder.Rd:23-24: Lost braces in \itemize; \value handles \item{}{} directly
checkRd: (-1) cluster_est_binder.Rd:25-26: Lost braces in \itemize; \value handles \item{}{} directly
checkRd: (-1) cluster_est_pear.Rd:18: Lost braces in \itemize; \value handles \item{}{} directly
checkRd: (-1) cluster_est_pear.Rd:19-20: Lost braces in \itemize; \value handles \item{}{} directly
checkRd: (-1) cluster_est_pear.Rd:21-22: Lost braces in \itemize; \value handles \item{}{} directly
checkRd: (-1) cluster_est_pear.Rd:23-24: Lost braces in \itemize; \value handles \item{}{} directly
checkRd: (-1) evalClustLoss.Rd:20: Lost braces
20 | co-clustering in \code{c} compared to code{gs}. Defaults is 1.}
| ^
checkRd: (-1) evalClustLoss.Rd:23: Lost braces
23 | co-clustering in \code{c} compared to code{gs}. Defaults is 1.}
| ^
checkRd: (-1) mvnlikC.Rd:30: Lost braces in \itemize; \value handles \item{}{} directly
checkRd: (-1) mvnlikC.Rd:31: Lost braces in \itemize; \value handles \item{}{} directly
checkRd: (-1) mvnlikC.Rd:32: Lost braces in \itemize; \value handles \item{}{} directly
checkRd: (-1) mvsnlikC.Rd:32: Lost braces in \itemize; \value handles \item{}{} directly
checkRd: (-1) mvsnlikC.Rd:33: Lost braces in \itemize; \value handles \item{}{} directly
checkRd: (-1) mvsnlikC.Rd:34: Lost braces in \itemize; \value handles \item{}{} directly
checkRd: (-1) mvstlikC.Rd:34: Lost braces in \itemize; \value handles \item{}{} directly
checkRd: (-1) mvstlikC.Rd:35: Lost braces in \itemize; \value handles \item{}{} directly
checkRd: (-1) mvstlikC.Rd:36: Lost braces in \itemize; \value handles \item{}{} directly
checkRd: (-1) postProcess.DPMMclust.Rd:39: Lost braces in \itemize; \value handles \item{}{} directly
checkRd: (-1) postProcess.DPMMclust.Rd:40: Lost braces in \itemize; \value handles \item{}{} directly
checkRd: (-1) postProcess.DPMMclust.Rd:41: Lost braces in \itemize; \value handles \item{}{} directly
checkRd: (-1) summary.DPMMclust.Rd:39-40: Lost braces in \itemize; \value handles \item{}{} directly
checkRd: (-1) summary.DPMMclust.Rd:41: Lost braces in \itemize; \value handles \item{}{} directly
checkRd: (-1) summary.DPMMclust.Rd:42: Lost braces in \itemize; \value handles \item{}{} directly
checkRd: (-1) summary.DPMMclust.Rd:43: Lost braces in \itemize; \value handles \item{}{} directly
checkRd: (-1) summary.DPMMclust.Rd:44: Lost braces in \itemize; \value handles \item{}{} directly
checkRd: (-1) summary.DPMMclust.Rd:45-50: Lost braces in \itemize; \value handles \item{}{} directly
checkRd: (-1) summary.DPMMclust.Rd:46: Lost braces in \itemize; \value handles \item{}{} directly
checkRd: (-1) summary.DPMMclust.Rd:47: Lost braces in \itemize; \value handles \item{}{} directly
checkRd: (-1) summary.DPMMclust.Rd:48: Lost braces in \itemize; \value handles \item{}{} directly
checkRd: (-1) summary.DPMMclust.Rd:49: Lost braces in \itemize; \value handles \item{}{} directly
checkRd: (-1) summary.DPMMclust.Rd:51: Lost braces in \itemize; \value handles \item{}{} directly
checkRd: (-1) summary.DPMMclust.Rd:52-53: Lost braces in \itemize; \value handles \item{}{} directly
checkRd: (-1) summary.DPMMclust.Rd:54: Lost braces in \itemize; \value handles \item{}{} directly
checkRd: (-1) summary.DPMMclust.Rd:55: Lost braces in \itemize; \value handles \item{}{} directly
checkRd: (-1) summary.DPMMclust.Rd:56: Lost braces in \itemize; \value handles \item{}{} directly
checkRd: (-1) summary.DPMMclust.Rd:57: Lost braces in \itemize; \value handles \item{}{} directly
checkRd: (-1) summary.DPMMclust.Rd:58: Lost braces in \itemize; \value handles \item{}{} directly
checkRd: (-1) summary.DPMMclust.Rd:59-60: Lost braces in \itemize; \value handles \item{}{} directly
Flavors: r-devel-linux-x86_64-debian-clang, r-devel-linux-x86_64-debian-gcc
Version: 0.13.3
Check: installed package size
Result: NOTE
installed size is 7.7Mb
sub-directories of 1Mb or more:
libs 7.0Mb
Flavors: r-release-macos-arm64, r-release-macos-x86_64, r-oldrel-macos-arm64, r-oldrel-macos-x86_64