CRAN Package Check Results for Package NPflow

Last updated on 2020-08-07 15:48:50 CEST.

Flavor Version Tinstall Tcheck Ttotal Status Flags
r-devel-linux-x86_64-debian-clang 0.13.3 279.54 115.17 394.71 OK
r-devel-linux-x86_64-debian-gcc 0.13.3 208.32 83.23 291.55 OK
r-devel-linux-x86_64-fedora-clang 0.13.3 538.04 NOTE
r-devel-linux-x86_64-fedora-gcc 0.13.3 492.27 OK
r-devel-windows-ix86+x86_64 0.13.3 694.00 204.00 898.00 OK
r-patched-linux-x86_64 0.13.3 219.50 108.34 327.84 OK
r-patched-solaris-x86 0.13.3 422.40 OK
r-release-linux-x86_64 0.13.3 218.49 108.93 327.42 OK
r-release-macos-x86_64 0.13.3 NOTE
r-release-windows-ix86+x86_64 0.13.3 697.00 232.00 929.00 OK
r-oldrel-macos-x86_64 0.13.3 NOTE
r-oldrel-windows-ix86+x86_64 0.13.3 458.00 183.00 641.00 OK

Check Details

Version: 0.13.3
Check: installed package size
Result: NOTE
     installed size is 10.1Mb
     sub-directories of 1Mb or more:
     libs 9.4Mb
Flavors: r-devel-linux-x86_64-fedora-clang, r-release-macos-x86_64, r-oldrel-macos-x86_64