CRAN Package Check Results for Package NMF

Last updated on 2020-07-10 03:47:24 CEST.

Flavor Version Tinstall Tcheck Ttotal Status Flags
r-devel-linux-x86_64-debian-clang 0.22.0 32.73 674.27 707.00 OK
r-devel-linux-x86_64-debian-gcc 0.22.0 27.17 514.38 541.55 OK
r-devel-linux-x86_64-fedora-clang 0.22.0 826.52 NOTE
r-devel-linux-x86_64-fedora-gcc 0.22.0 859.65 NOTE
r-devel-windows-ix86+x86_64 0.22.0 55.00 691.00 746.00 OK
r-patched-linux-x86_64 0.22.0 30.59 660.19 690.78 OK
r-patched-solaris-x86 0.22.0 270.30 ERROR --no-vignettes
r-release-linux-x86_64 0.22.0 30.05 667.08 697.13 OK
r-release-osx-x86_64 0.22.0 NOTE
r-release-windows-ix86+x86_64 0.22.0 59.00 638.00 697.00 OK
r-oldrel-osx-x86_64 0.22.0 NOTE
r-oldrel-windows-ix86+x86_64 0.22.0 72.00 625.00 697.00 OK

Check Details

Version: 0.22.0
Check: dependencies in R code
Result: NOTE
    Namespace in Imports field not imported from: ‘BiocManager’
     All declared Imports should be used.
Flavors: r-devel-linux-x86_64-fedora-clang, r-devel-linux-x86_64-fedora-gcc, r-release-osx-x86_64, r-oldrel-osx-x86_64

Version: 0.22.0
Flags: --no-vignettes
Check: dependencies in R code
Result: NOTE
    Namespace in Imports field not imported from: ‘BiocManager’
     All declared Imports should be used.
Flavor: r-patched-solaris-x86

Version: 0.22.0
Flags: --no-vignettes
Check: examples
Result: ERROR
    Running examples in ‘NMF-Ex.R’ failed
    The error most likely occurred in:
    
    > ### Name: NMFfitX-class
    > ### Title: Virtual Class to Handle Results from Multiple Runs of NMF
    > ### Algorithms
    > ### Aliases: NMFfitX-class
    >
    > ### ** Examples
    >
    > ## Don't show:
    > # roxygen generated flag
    > options(R_CHECK_RUNNING_EXAMPLES_=TRUE)
    > ## End(Don't show)
    >
    > # generate a synthetic dataset with known classes
    > n <- 20; counts <- c(5, 2, 3);
    > V <- syntheticNMF(n, counts)
    >
    > # perform multiple runs of one algorithm (default is to keep only best fit)
    > res <- nmf(V, 3, nrun=3)
    # NOTE - CRAN check detected: limiting maximum number of cores [2/16]
    Error in big.matrix(nrow = nrow(x), ncol = ncol(x), type = type, init = NULL, :
     Error: memory could not be allocated for instance of type big.matrix
    Calls: nmf ... gVariable -> <Anonymous> -> <Anonymous> -> big.matrix
    Timing stopped at: 0.045 0.078 1.258
    Execution halted
Flavor: r-patched-solaris-x86

Version: 0.22.0
Check: package dependencies
Result: NOTE
    Package suggested but not available for checking: ‘doMPI’
Flavors: r-release-osx-x86_64, r-oldrel-osx-x86_64