Last updated on 2023-12-06 16:53:19 CET.
Flavor | Version | Tinstall | Tcheck | Ttotal | Status | Flags |
---|---|---|---|---|---|---|
r-devel-linux-x86_64-debian-clang | 0.3.0 | 2.10 | 86.72 | 88.82 | OK | |
r-devel-linux-x86_64-debian-gcc | 0.3.0 | 1.65 | 65.30 | 66.95 | OK | |
r-devel-linux-x86_64-fedora-clang | 0.3.0 | 120.66 | NOTE | |||
r-devel-linux-x86_64-fedora-gcc | 0.3.0 | 127.44 | NOTE | |||
r-devel-windows-x86_64 | 0.3.0 | 3.00 | 90.00 | 93.00 | OK | |
r-patched-linux-x86_64 | 0.3.0 | 2.36 | 84.95 | 87.31 | OK | |
r-release-linux-x86_64 | 0.3.0 | 1.76 | 84.86 | 86.62 | OK | |
r-release-macos-arm64 | 0.3.0 | 48.00 | OK | |||
r-release-macos-x86_64 | 0.3.0 | 69.00 | OK | |||
r-release-windows-x86_64 | 0.3.0 | 4.00 | 106.00 | 110.00 | OK | |
r-oldrel-macos-arm64 | 0.3.0 | 32.00 | NOTE | |||
r-oldrel-macos-x86_64 | 0.3.0 | 46.00 | NOTE | |||
r-oldrel-windows-x86_64 | 0.3.0 | 4.00 | 102.00 | 106.00 | OK |
Version: 0.3.0
Check: dependencies in R code
Result: NOTE
Namespace in Imports field not imported from: ‘tibble’
All declared Imports should be used.
Flavors: r-devel-linux-x86_64-fedora-clang, r-devel-linux-x86_64-fedora-gcc, r-oldrel-macos-arm64, r-oldrel-macos-x86_64