CRAN Package Check Results for Package NEONiso

Last updated on 2024-02-28 16:50:40 CET.

Flavor Version Tinstall Tcheck Ttotal Status Flags
r-devel-linux-x86_64-debian-clang 0.6.4 13.62 247.23 260.85 OK
r-devel-linux-x86_64-debian-gcc 0.6.4 9.92 189.80 199.72 OK
r-devel-linux-x86_64-fedora-clang 0.6.4 311.82 OK
r-devel-linux-x86_64-fedora-gcc 0.6.4 329.05 OK
r-devel-windows-x86_64 0.6.4 11.00 360.00 371.00 OK
r-patched-linux-x86_64 0.6.4 10.53 243.06 253.59 OK
r-release-linux-x86_64 0.6.4 7.45 242.86 250.31 OK
r-release-macos-arm64 0.6.4 11.00 ERROR
r-release-macos-x86_64 0.6.4 13.00 ERROR
r-release-windows-x86_64 0.6.4 15.00 421.00 436.00 OK
r-oldrel-macos-arm64 0.6.4 288.00 OK
r-oldrel-windows-x86_64 0.6.4 15.00 423.00 438.00 OK

Check Details

Version: 0.6.4
Check: package dependencies
Result: ERROR Package required but not available: ‘rhdf5’ See section ‘The DESCRIPTION file’ in the ‘Writing R Extensions’ manual. Flavors: r-release-macos-arm64, r-release-macos-x86_64