CRAN Package Check Results for Package NAM

Last updated on 2020-10-30 15:49:22 CET.

Flavor Version Tinstall Tcheck Ttotal Status Flags
r-devel-linux-x86_64-debian-clang 1.7.3 49.37 80.72 130.09 OK
r-devel-linux-x86_64-debian-gcc 1.7.3 39.81 60.44 100.25 OK
r-devel-linux-x86_64-fedora-clang 1.7.3 175.73 NOTE
r-devel-linux-x86_64-fedora-gcc 1.7.3 176.82 OK
r-devel-windows-ix86+x86_64 1.7.3 100.00 128.00 228.00 OK
r-patched-linux-x86_64 1.7.3 43.65 74.43 118.08 OK
r-patched-solaris-x86 1.7.3 178.20 OK
r-release-linux-x86_64 1.7.3 43.58 73.99 117.57 OK
r-release-macos-x86_64 1.7.3 NOTE
r-release-windows-ix86+x86_64 1.7.3 80.00 107.00 187.00 OK
r-oldrel-macos-x86_64 1.7.3 NOTE
r-oldrel-windows-ix86+x86_64 1.7.3 86.00 110.00 196.00 OK

Check Details

Version: 1.7.3
Check: installed package size
Result: NOTE
     installed size is 7.4Mb
     sub-directories of 1Mb or more:
     libs 5.1Mb
Flavors: r-devel-linux-x86_64-fedora-clang, r-release-macos-x86_64, r-oldrel-macos-x86_64