CRAN Package Check Results for Package NAEPprimer

Last updated on 2023-12-04 05:09:13 CET.

Flavor Version Tinstall Tcheck Ttotal Status Flags
r-devel-linux-x86_64-debian-clang 1.0.1 3.42 18.96 22.38 NOTE
r-devel-linux-x86_64-debian-gcc 1.0.1 2.44 14.54 16.98 NOTE
r-devel-linux-x86_64-fedora-clang 1.0.1 25.77 NOTE
r-devel-linux-x86_64-fedora-gcc 1.0.1 24.58 NOTE
r-devel-windows-x86_64 1.0.1 4.00 34.00 38.00 NOTE
r-patched-linux-x86_64 1.0.1 2.99 18.47 21.46 NOTE
r-release-linux-x86_64 1.0.1 2.53 18.44 20.97 NOTE
r-release-macos-arm64 1.0.1 16.00 NOTE
r-release-macos-x86_64 1.0.1 18.00 NOTE
r-release-windows-x86_64 1.0.1 4.00 33.00 37.00 NOTE
r-oldrel-macos-arm64 1.0.1 14.00 NOTE
r-oldrel-macos-x86_64 1.0.1 19.00 NOTE
r-oldrel-windows-x86_64 1.0.1 6.00 40.00 46.00 NOTE

Check Details

Version: 1.0.1
Check: Rd files
Result: NOTE checkRd: (-1) M36NT2PM.dat.Rd:37: Lost braces in \itemize; meant \describe ? checkRd: (-1) M36NT2PM.dat.Rd:38: Lost braces in \itemize; meant \describe ? Flavors: r-devel-linux-x86_64-debian-clang, r-devel-linux-x86_64-debian-gcc

Version: 1.0.1
Check: LazyData
Result: NOTE 'LazyData' is specified without a 'data' directory Flavors: r-devel-linux-x86_64-debian-clang, r-devel-linux-x86_64-debian-gcc, r-devel-linux-x86_64-fedora-clang, r-devel-linux-x86_64-fedora-gcc, r-devel-windows-x86_64, r-patched-linux-x86_64, r-release-linux-x86_64, r-release-macos-arm64, r-release-macos-x86_64, r-release-windows-x86_64, r-oldrel-macos-arm64, r-oldrel-macos-x86_64, r-oldrel-windows-x86_64

Version: 1.0.1
Check: installed package size
Result: NOTE installed size is 16.3Mb sub-directories of 1Mb or more: extdata 16.2Mb Flavors: r-devel-linux-x86_64-fedora-clang, r-devel-windows-x86_64, r-release-macos-arm64, r-release-macos-x86_64, r-release-windows-x86_64, r-oldrel-macos-arm64, r-oldrel-macos-x86_64, r-oldrel-windows-x86_64