Last updated on 2023-12-04 05:09:13 CET.
Flavor | Version | Tinstall | Tcheck | Ttotal | Status | Flags |
---|---|---|---|---|---|---|
r-devel-linux-x86_64-debian-clang | 0.1.0 | 24.93 | 183.49 | 208.42 | OK | |
r-devel-linux-x86_64-debian-gcc | 0.1.0 | 19.68 | 133.38 | 153.06 | OK | |
r-devel-linux-x86_64-fedora-clang | 0.1.0 | 249.47 | NOTE | |||
r-devel-linux-x86_64-fedora-gcc | 0.1.0 | 240.01 | OK | |||
r-devel-windows-x86_64 | 0.1.0 | 20.00 | 129.00 | 149.00 | OK | |
r-patched-linux-x86_64 | 0.1.0 | 16.67 | 170.97 | 187.64 | OK | |
r-release-linux-x86_64 | 0.1.0 | 18.58 | 170.62 | 189.20 | OK | |
r-release-macos-arm64 | 0.1.0 | 71.00 | OK | |||
r-release-macos-x86_64 | 0.1.0 | 120.00 | OK | |||
r-release-windows-x86_64 | 0.1.0 | 26.00 | 165.00 | 191.00 | OK | |
r-oldrel-macos-arm64 | 0.1.0 | 45.00 | OK | |||
r-oldrel-macos-x86_64 | 0.1.0 | 93.00 | OK | |||
r-oldrel-windows-x86_64 | 0.1.0 | 26.00 | 171.00 | 197.00 | OK |
Version: 0.1.0
Check: package dependencies
Result: NOTE
Imports includes 21 non-default packages.
Importing from so many packages makes the package vulnerable to any of
them becoming unavailable. Move as many as possible to Suggests and
use conditionally.
Flavor: r-devel-linux-x86_64-fedora-clang