CRAN Package Check Results for Package MultAlloc

Last updated on 2024-04-12 05:12:00 CEST.

Flavor Version Tinstall Tcheck Ttotal Status Flags
r-devel-linux-x86_64-debian-clang 1.2 1.76 22.18 23.94 NOTE
r-devel-linux-x86_64-debian-gcc 1.2 1.71 16.50 18.21 NOTE
r-devel-linux-x86_64-fedora-clang 1.2 29.39 NOTE
r-devel-linux-x86_64-fedora-gcc 1.2 29.19 NOTE
r-devel-windows-x86_64 1.2 3.00 37.00 40.00 NOTE
r-patched-linux-x86_64 1.2 2.34 21.03 23.37 NOTE
r-release-linux-x86_64 1.2 2.04 20.05 22.09 NOTE
r-release-macos-arm64 1.2 14.00 NOTE
r-release-macos-x86_64 1.2 18.00 NOTE
r-release-windows-x86_64 1.2 3.00 36.00 39.00 NOTE
r-oldrel-macos-arm64 1.2 15.00 NOTE
r-oldrel-windows-x86_64 1.2 3.00 43.00 46.00 NOTE

Check Details

Version: 1.2
Check: LazyData
Result: NOTE 'LazyData' is specified without a 'data' directory Flavors: r-devel-linux-x86_64-debian-clang, r-devel-linux-x86_64-debian-gcc, r-devel-linux-x86_64-fedora-clang, r-devel-linux-x86_64-fedora-gcc, r-devel-windows-x86_64, r-patched-linux-x86_64, r-release-linux-x86_64, r-release-macos-arm64, r-release-macos-x86_64, r-release-windows-x86_64, r-oldrel-macos-arm64, r-oldrel-windows-x86_64