CRAN Package Check Results for Package MinBAR

Last updated on 2020-11-30 03:47:46 CET.

Flavor Version Tinstall Tcheck Ttotal Status Flags
r-devel-linux-x86_64-debian-clang 1.1.2 13.36 91.35 104.71 OK
r-devel-linux-x86_64-debian-gcc 1.1.2 9.10 69.35 78.45 OK
r-devel-linux-x86_64-fedora-clang 1.1.2 131.50 NOTE
r-devel-linux-x86_64-fedora-gcc 1.1.2 129.26 NOTE
r-devel-windows-ix86+x86_64 1.1.2 25.00 118.00 143.00 OK
r-patched-linux-x86_64 1.1.2 11.31 87.28 98.59 OK
r-patched-solaris-x86 1.1.2 171.20 NOTE
r-release-linux-x86_64 1.1.2 9.93 90.22 100.15 OK
r-release-macos-x86_64 1.1.2 NOTE
r-release-windows-ix86+x86_64 1.1.2 20.00 93.00 113.00 OK
r-oldrel-macos-x86_64 1.1.2 NOTE
r-oldrel-windows-ix86+x86_64 1.1.2 16.00 104.00 120.00 OK

Check Details

Version: 1.1.2
Check: dependencies in R code
Result: NOTE
    Namespace in Imports field not imported from: ‘rgdal’
     All declared Imports should be used.
Flavors: r-devel-linux-x86_64-fedora-clang, r-devel-linux-x86_64-fedora-gcc, r-patched-solaris-x86, r-release-macos-x86_64, r-oldrel-macos-x86_64