CRAN Package Check Results for Package MiRKAT

Last updated on 2020-08-04 03:47:56 CEST.

Flavor Version Tinstall Tcheck Ttotal Status Flags
r-devel-linux-x86_64-debian-clang 1.1.0 13.01 237.47 250.48 OK
r-devel-linux-x86_64-debian-gcc 1.1.0 12.41 171.35 183.76 OK
r-devel-linux-x86_64-fedora-clang 1.1.0 289.49 NOTE
r-devel-linux-x86_64-fedora-gcc 1.1.0 294.67 NOTE
r-devel-windows-ix86+x86_64 1.1.0 37.00 242.00 279.00 OK
r-patched-linux-x86_64 1.1.0 15.13 226.27 241.40 OK
r-patched-solaris-x86 1.1.0 403.30 NOTE
r-release-linux-x86_64 1.1.0 13.77 224.61 238.38 OK
r-release-macos-x86_64 1.1.0 NOTE
r-release-windows-ix86+x86_64 1.1.0 45.00 293.00 338.00 OK
r-oldrel-macos-x86_64 1.1.0 NOTE
r-oldrel-windows-ix86+x86_64 1.1.0 22.00 206.00 228.00 OK

Check Details

Version: 1.1.0
Check: dependencies in R code
Result: NOTE
    Namespace in Imports field not imported from: ‘ecodist’
     All declared Imports should be used.
Flavors: r-devel-linux-x86_64-fedora-clang, r-devel-linux-x86_64-fedora-gcc, r-patched-solaris-x86, r-release-macos-x86_64, r-oldrel-macos-x86_64