CRAN Package Check Results for Package MetaStan

Last updated on 2024-02-26 04:49:32 CET.

Flavor Version Tinstall Tcheck Ttotal Status Flags
r-devel-linux-x86_64-debian-clang 1.0.0 494.46 233.14 727.60 NOTE
r-devel-linux-x86_64-debian-gcc 1.0.0 426.10 197.84 623.94 NOTE
r-devel-linux-x86_64-fedora-clang 1.0.0 901.07 NOTE
r-devel-linux-x86_64-fedora-gcc 1.0.0 1114.83 NOTE
r-devel-windows-x86_64 1.0.0 354.00 237.00 591.00 NOTE
r-patched-linux-x86_64 1.0.0 0.02 2.27 2.29 ERROR
r-release-linux-x86_64 1.0.0 380.18 261.93 642.11 NOTE
r-release-macos-arm64 1.0.0 236.00 NOTE
r-release-macos-x86_64 1.0.0 368.00 NOTE
r-release-windows-x86_64 1.0.0 458.00 289.00 747.00 NOTE
r-oldrel-macos-arm64 1.0.0 211.00 NOTE
r-oldrel-windows-x86_64 1.0.0 420.00 280.00 700.00 NOTE

Check Details

Version: 1.0.0
Check: for GNU extensions in Makefiles
Result: NOTE GNU make is a SystemRequirements. Flavors: r-devel-linux-x86_64-debian-clang, r-devel-linux-x86_64-debian-gcc, r-devel-linux-x86_64-fedora-clang, r-devel-linux-x86_64-fedora-gcc, r-devel-windows-x86_64, r-release-linux-x86_64, r-release-macos-arm64, r-release-macos-x86_64, r-release-windows-x86_64, r-oldrel-macos-arm64, r-oldrel-windows-x86_64

Version: 1.0.0
Check: installed package size
Result: NOTE installed size is 5.6Mb sub-directories of 1Mb or more: libs 5.1Mb Flavors: r-devel-linux-x86_64-fedora-clang, r-release-macos-arm64, r-release-macos-x86_64, r-oldrel-macos-arm64

Version: 1.0.0
Check: whether package can be installed
Result: ERROR Installation failed. Flavor: r-patched-linux-x86_64