CRAN Package Check Results for Package MetaIntegration

Last updated on 2024-02-27 16:49:21 CET.

Flavor Version Tinstall Tcheck Ttotal Status Flags
r-devel-linux-x86_64-debian-clang 0.1.2 3.70 45.19 48.89 NOTE
r-devel-linux-x86_64-debian-gcc 0.1.2 2.73 33.31 36.04 NOTE
r-devel-linux-x86_64-fedora-clang 0.1.2 61.48 NOTE
r-devel-linux-x86_64-fedora-gcc 0.1.2 59.54 NOTE
r-devel-windows-x86_64 0.1.2 4.00 63.00 67.00 NOTE
r-patched-linux-x86_64 0.1.2 3.83 42.24 46.07 NOTE
r-release-linux-x86_64 0.1.2 2.42 42.08 44.50 NOTE
r-release-macos-arm64 0.1.2 22.00 NOTE
r-release-macos-x86_64 0.1.2 33.00 NOTE
r-release-windows-x86_64 0.1.2 5.00 60.00 65.00 NOTE
r-oldrel-macos-arm64 0.1.2 25.00 NOTE
r-oldrel-windows-x86_64 0.1.2 5.00 64.00 69.00 NOTE

Check Details

Version: 0.1.2
Check: Rd files
Result: NOTE checkRd: (-1) asympVar_LinReg.Rd:52: Lost braces in \itemize; \value handles \item{}{} directly checkRd: (-1) asympVar_LinReg.Rd:53: Lost braces in \itemize; \value handles \item{}{} directly checkRd: (-1) asympVar_LinReg.Rd:54: Lost braces in \itemize; \value handles \item{}{} directly checkRd: (-1) asympVar_LinReg.Rd:55: Lost braces in \itemize; \value handles \item{}{} directly checkRd: (-1) asympVar_LinReg.Rd:56: Lost braces in \itemize; \value handles \item{}{} directly checkRd: (-1) asympVar_LogReg.Rd:55: Lost braces in \itemize; \value handles \item{}{} directly checkRd: (-1) asympVar_LogReg.Rd:56: Lost braces in \itemize; \value handles \item{}{} directly checkRd: (-1) asympVar_LogReg.Rd:57: Lost braces in \itemize; \value handles \item{}{} directly checkRd: (-1) asympVar_LogReg.Rd:58: Lost braces in \itemize; \value handles \item{}{} directly checkRd: (-1) asympVar_LogReg.Rd:59: Lost braces in \itemize; \value handles \item{}{} directly checkRd: (-1) get_gamma_EB.Rd:19: Lost braces in \itemize; \value handles \item{}{} directly checkRd: (-1) get_gamma_EB.Rd:20: Lost braces in \itemize; \value handles \item{}{} directly checkRd: (-1) get_gamma_EB.Rd:21: Lost braces in \itemize; \value handles \item{}{} directly Flavors: r-devel-linux-x86_64-debian-clang, r-devel-linux-x86_64-debian-gcc, r-devel-linux-x86_64-fedora-clang, r-devel-linux-x86_64-fedora-gcc

Version: 0.1.2
Check: LazyData
Result: NOTE 'LazyData' is specified without a 'data' directory Flavors: r-devel-linux-x86_64-debian-clang, r-devel-linux-x86_64-debian-gcc, r-devel-linux-x86_64-fedora-clang, r-devel-linux-x86_64-fedora-gcc, r-devel-windows-x86_64, r-patched-linux-x86_64, r-release-linux-x86_64, r-release-macos-arm64, r-release-macos-x86_64, r-release-windows-x86_64, r-oldrel-macos-arm64, r-oldrel-windows-x86_64

Version: 0.1.2
Check: dependencies in R code
Result: NOTE Namespace in Imports field not imported from: ‘knitr’ All declared Imports should be used. Flavors: r-devel-linux-x86_64-fedora-clang, r-devel-linux-x86_64-fedora-gcc, r-oldrel-macos-arm64