CRAN Package Check Results for Package MetaCycle

Last updated on 2020-08-06 15:49:37 CEST.

Flavor Version Tinstall Tcheck Ttotal Status Flags
r-devel-linux-x86_64-debian-clang 1.2.0 9.28 86.09 95.37 NOTE
r-devel-linux-x86_64-debian-gcc 1.2.0 9.01 64.53 73.54 NOTE
r-devel-linux-x86_64-fedora-clang 1.2.0 121.67 NOTE
r-devel-linux-x86_64-fedora-gcc 1.2.0 112.76 NOTE
r-devel-windows-ix86+x86_64 1.2.0 24.00 98.00 122.00 OK
r-patched-linux-x86_64 1.2.0 12.10 85.28 97.38 NOTE
r-patched-solaris-x86 1.2.0 154.40 NOTE
r-release-linux-x86_64 1.2.0 10.46 88.20 98.66 NOTE
r-release-macos-x86_64 1.2.0 OK
r-release-windows-ix86+x86_64 1.2.0 24.00 105.00 129.00 OK
r-oldrel-macos-x86_64 1.2.0 OK
r-oldrel-windows-ix86+x86_64 1.2.0 13.00 84.00 97.00 OK

Check Details

Version: 1.2.0
Check: for non-standard things in the check directory
Result: NOTE
    Found the following files/directories:
     'cycHumanBloodData.csv' 'cycHumanBloodDesign.csv'
     'cycMouseLiverProtein.txt' 'cycMouseLiverRNA.csv' 'cycSimu4h2d.csv'
     'cycYeastCycle.csv' 'example'
Flavors: r-devel-linux-x86_64-debian-clang, r-devel-linux-x86_64-debian-gcc, r-devel-linux-x86_64-fedora-clang, r-devel-linux-x86_64-fedora-gcc, r-patched-linux-x86_64, r-patched-solaris-x86, r-release-linux-x86_64