CRAN Package Check Results for Package MetABEL

Last updated on 2020-10-25 15:48:50 CET.

Flavor Version Tinstall Tcheck Ttotal Status Flags
r-devel-linux-x86_64-debian-clang 0.2-0 2.28 22.21 24.49 NOTE
r-devel-linux-x86_64-debian-gcc 0.2-0 2.33 17.31 19.64 NOTE
r-devel-linux-x86_64-fedora-clang 0.2-0 40.16 NOTE
r-devel-linux-x86_64-fedora-gcc 0.2-0 30.76 NOTE
r-devel-windows-ix86+x86_64 0.2-0 5.00 38.00 43.00 NOTE
r-patched-linux-x86_64 0.2-0 2.59 21.30 23.89 NOTE
r-patched-solaris-x86 0.2-0 42.60 NOTE
r-release-linux-x86_64 0.2-0 2.40 21.25 23.65 NOTE
r-release-macos-x86_64 0.2-0 NOTE
r-release-windows-ix86+x86_64 0.2-0 6.00 37.00 43.00 NOTE
r-oldrel-macos-x86_64 0.2-0 NOTE
r-oldrel-windows-ix86+x86_64 0.2-0 6.00 31.00 37.00 NOTE

Check Details

Version: 0.2-0
Check: package dependencies
Result: NOTE
    Package suggested but not available for checking: 'GenABEL'
Flavors: r-devel-linux-x86_64-debian-clang, r-devel-linux-x86_64-debian-gcc, r-devel-linux-x86_64-fedora-clang, r-devel-linux-x86_64-fedora-gcc, r-devel-windows-ix86+x86_64, r-patched-linux-x86_64, r-patched-solaris-x86, r-release-linux-x86_64, r-release-macos-x86_64, r-release-windows-ix86+x86_64, r-oldrel-macos-x86_64

Version: 0.2-0
Check: DESCRIPTION meta-information
Result: NOTE
    Malformed Description field: should contain one or more complete sentences.
Flavors: r-devel-linux-x86_64-debian-clang, r-devel-linux-x86_64-debian-gcc, r-devel-linux-x86_64-fedora-clang, r-devel-linux-x86_64-fedora-gcc, r-devel-windows-ix86+x86_64, r-patched-linux-x86_64, r-patched-solaris-x86, r-release-linux-x86_64, r-release-macos-x86_64, r-release-windows-ix86+x86_64, r-oldrel-macos-x86_64, r-oldrel-windows-ix86+x86_64

Version: 0.2-0
Check: R code for possible problems
Result: NOTE
    dometa: no visible global function definition for 'qchisq'
    dometa: no visible global function definition for 'median'
    dometa: no visible global function definition for 'pchisq'
    forestplot: no visible global function definition for 'pchisq'
    forestplot: no visible global function definition for 'qnorm'
    forestplot: no visible global function definition for 'points'
    forestplot: no visible global function definition for 'text'
    metagwa.files: no visible global function definition for 'read.csv'
    metagwa.files: no visible global function definition for 'write.csv'
    metagwa.tables: no visible global function definition for 'write.csv'
    Undefined global functions or variables:
     median pchisq points qchisq qnorm read.csv text write.csv
    Consider adding
     importFrom("graphics", "points", "text")
     importFrom("stats", "median", "pchisq", "qchisq", "qnorm")
     importFrom("utils", "read.csv", "write.csv")
    to your NAMESPACE file.
Flavors: r-devel-linux-x86_64-debian-clang, r-devel-linux-x86_64-debian-gcc, r-devel-linux-x86_64-fedora-clang, r-devel-linux-x86_64-fedora-gcc, r-devel-windows-ix86+x86_64, r-patched-linux-x86_64, r-patched-solaris-x86, r-release-linux-x86_64, r-release-macos-x86_64, r-release-windows-ix86+x86_64

Version: 0.2-0
Check: R code for possible problems
Result: NOTE
    dometa: no visible global function definition for ‘qchisq’
    dometa: no visible global function definition for ‘median’
    dometa: no visible global function definition for ‘pchisq’
    forestplot: no visible global function definition for ‘pchisq’
    forestplot: no visible global function definition for ‘qnorm’
    forestplot: no visible global function definition for ‘plot’
    forestplot: no visible global function definition for ‘points’
    forestplot: no visible global function definition for ‘text’
    metagwa.files: no visible global function definition for ‘read.csv’
    metagwa.files: no visible global function definition for ‘write.csv’
    metagwa.tables: no visible global function definition for ‘write.csv’
    Undefined global functions or variables:
     median pchisq plot points qchisq qnorm read.csv text write.csv
    Consider adding
     importFrom("graphics", "plot", "points", "text")
     importFrom("stats", "median", "pchisq", "qchisq", "qnorm")
     importFrom("utils", "read.csv", "write.csv")
    to your NAMESPACE file.
Flavors: r-oldrel-macos-x86_64, r-oldrel-windows-ix86+x86_64