Last updated on 2023-12-07 16:49:37 CET.
Flavor | Version | Tinstall | Tcheck | Ttotal | Status | Flags |
---|---|---|---|---|---|---|
r-devel-linux-x86_64-debian-clang | 0.9.0 | 80.10 | 253.80 | 333.90 | OK | |
r-devel-linux-x86_64-debian-gcc | 0.9.0 | 59.97 | 179.99 | 239.96 | OK | |
r-devel-linux-x86_64-fedora-clang | 0.9.0 | 454.82 | NOTE | |||
r-devel-linux-x86_64-fedora-gcc | 0.9.0 | 449.68 | OK | |||
r-devel-windows-x86_64 | 0.9.0 | 60.00 | 218.00 | 278.00 | NOTE | |
r-patched-linux-x86_64 | 0.9.0 | 61.16 | 241.58 | 302.74 | OK | |
r-release-linux-x86_64 | 0.9.0 | 49.70 | 231.37 | 281.07 | OK | |
r-release-macos-arm64 | 0.9.0 | 106.00 | NOTE | |||
r-release-macos-x86_64 | 0.9.0 | 232.00 | NOTE | |||
r-release-windows-x86_64 | 0.9.0 | 81.00 | 273.00 | 354.00 | NOTE | |
r-oldrel-macos-arm64 | 0.9.0 | 94.00 | NOTE | |||
r-oldrel-macos-x86_64 | 0.9.0 | 145.00 | NOTE | |||
r-oldrel-windows-x86_64 | 0.9.0 | 81.00 | 265.00 | 346.00 | NOTE |
Version: 0.9.0
Check: installed package size
Result: NOTE
installed size is 5.3Mb
sub-directories of 1Mb or more:
extdata 3.4Mb
Flavors: r-devel-linux-x86_64-fedora-clang, r-devel-windows-x86_64, r-release-macos-arm64, r-release-macos-x86_64, r-release-windows-x86_64, r-oldrel-macos-arm64, r-oldrel-macos-x86_64, r-oldrel-windows-x86_64