CRAN Package Check Results for Package MazamaTimeSeries

Last updated on 2024-02-22 16:49:21 CET.

Flavor Version Tinstall Tcheck Ttotal Status Flags
r-devel-linux-x86_64-debian-clang 0.2.16 OK
r-devel-linux-x86_64-debian-gcc 0.2.16 6.88 67.24 74.12 OK
r-devel-linux-x86_64-fedora-clang 0.2.16 131.12 NOTE
r-devel-linux-x86_64-fedora-gcc 0.2.16 137.55 NOTE
r-devel-windows-x86_64 0.2.16 9.00 113.00 122.00 OK
r-patched-linux-x86_64 0.2.16 7.18 86.26 93.44 OK
r-release-linux-x86_64 0.2.16 6.76 87.11 93.87 OK
r-release-macos-arm64 0.2.16 56.00 OK
r-release-macos-x86_64 0.2.16 136.00 OK
r-release-windows-x86_64 0.2.16 13.00 127.00 140.00 OK
r-oldrel-macos-arm64 0.2.16 47.00 OK
r-oldrel-windows-x86_64 0.2.16 13.00 125.00 138.00 OK

Check Details

Version: 0.2.16
Check: data for non-ASCII characters
Result: NOTE Note: found 1 marked UTF-8 string Flavors: r-devel-linux-x86_64-fedora-clang, r-devel-linux-x86_64-fedora-gcc