CRAN Package Check Results for Package MaxMC

Last updated on 2024-02-26 04:49:31 CET.

Flavor Version Tinstall Tcheck Ttotal Status Flags
r-devel-linux-x86_64-debian-clang 0.1.1 2.29 37.76 40.05 NOTE
r-devel-linux-x86_64-debian-gcc 0.1.1 1.72 29.43 31.15 NOTE
r-devel-linux-x86_64-fedora-clang 0.1.1 49.88 NOTE
r-devel-linux-x86_64-fedora-gcc 0.1.1 52.21 NOTE
r-devel-windows-x86_64 0.1.1 4.00 52.00 56.00 NOTE
r-patched-linux-x86_64 0.1.1 6.28 37.63 43.91 NOTE
r-release-linux-x86_64 0.1.1 2.77 38.32 41.09 NOTE
r-release-macos-arm64 0.1.1 23.00 NOTE
r-release-macos-x86_64 0.1.1 32.00 NOTE
r-release-windows-x86_64 0.1.1 4.00 56.00 60.00 NOTE
r-oldrel-macos-arm64 0.1.1 22.00 NOTE
r-oldrel-windows-x86_64 0.1.1 4.00 59.00 63.00 NOTE

Check Details

Version: 0.1.1
Check: package namespace information
Result: NOTE Found export directive that requires package ‘methods’: ‘exportClasses’ Remove all such namespace directives (if obsolete) or ensure that the DESCRIPTION Depends or Imports field contains ‘methods’. Flavors: r-devel-linux-x86_64-debian-clang, r-devel-linux-x86_64-debian-gcc, r-devel-linux-x86_64-fedora-clang, r-devel-linux-x86_64-fedora-gcc, r-devel-windows-x86_64

Version: 0.1.1
Check: LazyData
Result: NOTE 'LazyData' is specified without a 'data' directory Flavors: r-devel-linux-x86_64-debian-clang, r-devel-linux-x86_64-debian-gcc, r-devel-linux-x86_64-fedora-clang, r-devel-linux-x86_64-fedora-gcc, r-devel-windows-x86_64, r-patched-linux-x86_64, r-release-linux-x86_64, r-release-macos-arm64, r-release-macos-x86_64, r-release-windows-x86_64, r-oldrel-macos-arm64, r-oldrel-windows-x86_64