CRAN Package Check Results for Package MatrixModels

Last updated on 2023-09-25 05:01:29 CEST.

Flavor Version Tinstall Tcheck Ttotal Status Flags
r-devel-linux-x86_64-debian-clang 0.5-2 10.87 86.79 97.66 OK
r-devel-linux-x86_64-debian-gcc 0.5-2 8.73 70.18 78.91 OK
r-devel-linux-x86_64-fedora-clang 0.5-2 120.62 OK
r-devel-linux-x86_64-fedora-gcc 0.5-2 132.07 OK
r-devel-windows-x86_64 0.5-2 11.00 81.00 92.00 OK
r-patched-linux-x86_64 0.5-2 11.68 84.15 95.83 OK
r-release-linux-x86_64 0.5-2 13.70 83.90 97.60 OK
r-release-macos-arm64 0.5-2 37.00 OK
r-release-macos-x86_64 0.5-2 93.00 OK
r-release-windows-x86_64 0.5-2 15.00 95.00 110.00 OK
r-oldrel-macos-arm64 0.5-2 9.00 ERROR
r-oldrel-macos-x86_64 0.5-2 10.00 ERROR
r-oldrel-windows-x86_64 0.5-2 18.00 94.00 112.00 OK

Check Details

Version: 0.5-2
Check: package dependencies
Result: ERROR
    Package required and available but unsuitable version: ‘Matrix’
    
    See section ‘The DESCRIPTION file’ in the ‘Writing R Extensions’
    manual.
Flavors: r-oldrel-macos-arm64, r-oldrel-macos-x86_64