CRAN Package Check Results for Package MarginalMediation

Last updated on 2020-06-04 03:49:23 CEST.

Flavor Version Tinstall Tcheck Ttotal Status Flags
r-devel-linux-x86_64-debian-clang 0.7.0 4.73 92.95 97.68 OK
r-devel-linux-x86_64-debian-gcc 0.7.0 3.82 68.63 72.45 OK
r-devel-linux-x86_64-fedora-clang 0.7.0 122.56 NOTE
r-devel-linux-x86_64-fedora-gcc 0.7.0 114.37 NOTE
r-devel-windows-ix86+x86_64 0.7.0 18.00 102.00 120.00 OK
r-patched-linux-x86_64 0.7.0 4.63 89.16 93.79 OK
r-patched-solaris-x86 0.7.0 173.80 NOTE
r-release-linux-x86_64 0.7.0 4.94 89.12 94.06 OK
r-release-osx-x86_64 0.7.0 NOTE
r-release-windows-ix86+x86_64 0.7.0 12.00 113.00 125.00 OK
r-oldrel-osx-x86_64 0.7.0 NOTE
r-oldrel-windows-ix86+x86_64 0.7.0 15.00 134.00 149.00 OK

Check Details

Version: 0.7.0
Check: dependencies in R code
Result: NOTE
    Namespace in Imports field not imported from: ‘betareg’
     All declared Imports should be used.
Flavors: r-devel-linux-x86_64-fedora-clang, r-devel-linux-x86_64-fedora-gcc, r-patched-solaris-x86, r-release-osx-x86_64, r-oldrel-osx-x86_64