Last updated on 2023-12-09 16:49:24 CET.
Flavor | Version | Tinstall | Tcheck | Ttotal | Status | Flags |
---|---|---|---|---|---|---|
r-devel-linux-x86_64-debian-clang | 2.0.1 | 3.32 | 40.02 | 43.34 | OK | |
r-devel-linux-x86_64-debian-gcc | 2.0.1 | 2.89 | 30.12 | 33.01 | OK | |
r-devel-linux-x86_64-fedora-clang | 2.0.1 | 54.14 | NOTE | |||
r-devel-linux-x86_64-fedora-gcc | 2.0.1 | 52.41 | NOTE | |||
r-devel-windows-x86_64 | 2.0.1 | 6.00 | 51.00 | 57.00 | OK | |
r-patched-linux-x86_64 | 2.0.1 | 3.27 | 38.63 | 41.90 | OK | |
r-release-linux-x86_64 | 2.0.1 | 3.43 | 39.12 | 42.55 | OK | |
r-release-macos-arm64 | 2.0.1 | 21.00 | OK | |||
r-release-macos-x86_64 | 2.0.1 | 36.00 | OK | |||
r-release-windows-x86_64 | 2.0.1 | 6.00 | 55.00 | 61.00 | OK | |
r-oldrel-macos-arm64 | 2.0.1 | 24.00 | OK | |||
r-oldrel-macos-x86_64 | 2.0.1 | 35.00 | OK | |||
r-oldrel-windows-x86_64 | 2.0.1 | 6.00 | 58.00 | 64.00 | OK |
Version: 2.0.1
Check: dependencies in R code
Result: NOTE
Namespaces in Imports field not imported from:
‘dplyr’ ‘rlang’ ‘testthat’
All declared Imports should be used.
Flavors: r-devel-linux-x86_64-fedora-clang, r-devel-linux-x86_64-fedora-gcc