CRAN Package Check Results for Package ManifoldOptim

Last updated on 2020-10-30 15:49:20 CET.

Flavor Version Tinstall Tcheck Ttotal Status Flags
r-devel-linux-x86_64-debian-clang 1.0.0 221.76 27.12 248.88 OK
r-devel-linux-x86_64-debian-gcc 1.0.0 162.69 21.37 184.06 OK
r-devel-linux-x86_64-fedora-clang 1.0.0 412.56 NOTE
r-devel-linux-x86_64-fedora-gcc 1.0.0 331.60 OK
r-devel-windows-ix86+x86_64 1.0.0 880.00 77.00 957.00 OK
r-patched-linux-x86_64 1.0.0 205.39 25.59 230.98 OK
r-patched-solaris-x86 1.0.0 269.00 OK
r-release-linux-x86_64 1.0.0 196.18 25.76 221.94 OK
r-release-macos-x86_64 1.0.0 NOTE
r-release-windows-ix86+x86_64 1.0.0 690.00 75.00 765.00 OK
r-oldrel-macos-x86_64 1.0.0 NOTE
r-oldrel-windows-ix86+x86_64 1.0.0 693.00 73.00 766.00 OK

Check Details

Version: 1.0.0
Check: installed package size
Result: NOTE
     installed size is 10.9Mb
     sub-directories of 1Mb or more:
     libs 10.5Mb
Flavors: r-devel-linux-x86_64-fedora-clang, r-release-macos-x86_64, r-oldrel-macos-x86_64