CRAN Package Check Results for Package Mangrove

Last updated on 2024-02-26 04:49:31 CET.

Flavor Version Tinstall Tcheck Ttotal Status Flags
r-devel-linux-x86_64-debian-clang 1.21 4.67 56.41 61.08 NOTE
r-devel-linux-x86_64-debian-gcc 1.21 3.63 42.97 46.60 NOTE
r-devel-linux-x86_64-fedora-clang 1.21 80.26 NOTE
r-devel-linux-x86_64-fedora-gcc 1.21 90.07 NOTE
r-devel-windows-x86_64 1.21 5.00 73.00 78.00 OK
r-patched-linux-x86_64 1.21 4.86 55.82 60.68 OK
r-release-linux-x86_64 1.21 5.04 56.23 61.27 OK
r-release-macos-arm64 1.21 34.00 OK
r-release-macos-x86_64 1.21 55.00 OK
r-release-windows-x86_64 1.21 6.00 78.00 84.00 OK
r-oldrel-macos-arm64 1.21 30.00 OK
r-oldrel-windows-x86_64 1.21 6.00 81.00 87.00 OK

Check Details

Version: 1.21
Check: Rd files
Result: NOTE checkRd: (-1) MangroveTree.Rd:37: Lost braces 37 | An object of class \\code{\link[Mangrove]{MangrovePed}} | ^ Flavors: r-devel-linux-x86_64-debian-clang, r-devel-linux-x86_64-debian-gcc, r-devel-linux-x86_64-fedora-clang, r-devel-linux-x86_64-fedora-gcc