CRAN Package Check Results for Package MachineShop

Last updated on 2020-08-06 04:48:10 CEST.

Flavor Version Tinstall Tcheck Ttotal Status Flags
r-devel-linux-x86_64-debian-clang 2.4.0 48.11 1022.57 1070.68 OK
r-devel-linux-x86_64-debian-gcc 2.4.0 41.04 728.79 769.83 OK
r-devel-linux-x86_64-fedora-clang 2.4.0 1263.78 OK
r-devel-linux-x86_64-fedora-gcc 2.5.0 1297.75 OK
r-devel-windows-ix86+x86_64 2.5.0 120.00 775.00 895.00 OK
r-patched-linux-x86_64 2.4.0 45.18 966.52 1011.70 OK
r-patched-solaris-x86 2.4.0 1833.20 OK
r-release-linux-x86_64 2.4.0 51.90 962.27 1014.17 OK
r-release-macos-x86_64 2.4.0 OK
r-release-windows-ix86+x86_64 2.4.0 103.00 679.00 782.00 OK
r-oldrel-macos-x86_64 2.4.0 WARN
r-oldrel-windows-ix86+x86_64 2.4.0 60.00 516.00 576.00 WARN

Check Details

Version: 2.4.0
Check: S3 generic/method consistency
Result: WARN
    SelectedInput:
     function(...)
    SelectedInput.formula:
     function(..., data, control, metrics, stat, cutoff)
    
    See section ‘Generic functions and methods’ in the ‘Writing R
    Extensions’ manual.
Flavors: r-oldrel-macos-x86_64, r-oldrel-windows-ix86+x86_64