CRAN Package Check Results for Package MaXact

Last updated on 2020-06-02 03:47:54 CEST.

Flavor Version Tinstall Tcheck Ttotal Status Flags
r-devel-linux-x86_64-debian-clang 0.2.1 4.28 18.34 22.62 NOTE
r-devel-linux-x86_64-debian-gcc 0.2.1 3.36 15.03 18.39 NOTE
r-devel-linux-x86_64-fedora-clang 0.2.1 37.99 NOTE
r-devel-linux-x86_64-fedora-gcc 0.2.1 28.05 NOTE
r-devel-windows-ix86+x86_64 0.2.1 17.00 63.00 80.00 NOTE
r-patched-linux-x86_64 0.2.1 3.83 18.49 22.32 NOTE
r-patched-solaris-x86 0.2.1 44.20 NOTE
r-release-linux-x86_64 0.2.1 3.94 18.67 22.61 NOTE
r-release-osx-x86_64 0.2.1 NOTE
r-release-windows-ix86+x86_64 0.2.1 13.00 62.00 75.00 NOTE
r-oldrel-osx-x86_64 0.2.1 NOTE
r-oldrel-windows-ix86+x86_64 0.2.1 21.00 44.00 65.00 NOTE

Check Details

Version: 0.2.1
Check: dependencies in R code
Result: NOTE
    Package in Depends field not imported from: 'mnormt'
     These packages need to be imported from (in the NAMESPACE file)
     for when this namespace is loaded but not attached.
Flavors: r-devel-linux-x86_64-debian-clang, r-devel-linux-x86_64-debian-gcc, r-devel-linux-x86_64-fedora-clang, r-devel-linux-x86_64-fedora-gcc, r-devel-windows-ix86+x86_64, r-patched-linux-x86_64, r-patched-solaris-x86, r-release-linux-x86_64, r-release-osx-x86_64, r-release-windows-ix86+x86_64, r-oldrel-osx-x86_64, r-oldrel-windows-ix86+x86_64

Version: 0.2.1
Check: R code for possible problems
Result: NOTE
    catt.test: no visible global function definition for 'pnorm'
    fnorm2: no visible global function definition for 'sadmvn'
    fnorm3: no visible global function definition for 'sadmvn'
    Undefined global functions or variables:
     pnorm sadmvn
    Consider adding
     importFrom("stats", "pnorm")
    to your NAMESPACE file.
Flavors: r-devel-linux-x86_64-debian-clang, r-devel-linux-x86_64-debian-gcc, r-devel-linux-x86_64-fedora-clang, r-devel-linux-x86_64-fedora-gcc, r-devel-windows-ix86+x86_64, r-patched-linux-x86_64, r-patched-solaris-x86, r-release-linux-x86_64, r-release-osx-x86_64, r-release-windows-ix86+x86_64, r-oldrel-osx-x86_64, r-oldrel-windows-ix86+x86_64

Version: 0.2.1
Check: compiled code
Result: NOTE
    File ‘MaXact/libs/MaXact.so’:
     Found no calls to: ‘R_registerRoutines’, ‘R_useDynamicSymbols’
    
    It is good practice to register native routines and to disable symbol
    search.
    
    See ‘Writing portable packages’ in the ‘Writing R Extensions’ manual.
Flavors: r-devel-linux-x86_64-fedora-clang, r-devel-linux-x86_64-fedora-gcc