Last updated on 2023-12-04 05:09:11 CET.
Flavor | Version | Tinstall | Tcheck | Ttotal | Status | Flags |
---|---|---|---|---|---|---|
r-devel-linux-x86_64-debian-clang | 0.6.2 | 10.22 | 93.01 | 103.23 | NOTE | |
r-devel-linux-x86_64-debian-gcc | 0.6.2 | 9.07 | 69.80 | 78.87 | NOTE | |
r-devel-linux-x86_64-fedora-clang | 0.6.2 | 129.28 | NOTE | |||
r-devel-linux-x86_64-fedora-gcc | 0.6.2 | 132.24 | NOTE | |||
r-devel-windows-x86_64 | 0.6.2 | 11.00 | 91.00 | 102.00 | NOTE | |
r-patched-linux-x86_64 | 0.6.2 | 10.79 | 90.61 | 101.40 | NOTE | |
r-release-linux-x86_64 | 0.6.2 | 11.18 | 91.33 | 102.51 | NOTE | |
r-release-macos-arm64 | 0.6.2 | 40.00 | NOTE | |||
r-release-macos-x86_64 | 0.6.2 | 66.00 | NOTE | |||
r-release-windows-x86_64 | 0.6.2 | 14.00 | 107.00 | 121.00 | NOTE | |
r-oldrel-macos-arm64 | 0.6.2 | 36.00 | NOTE | |||
r-oldrel-macos-x86_64 | 0.6.2 | 50.00 | NOTE | |||
r-oldrel-windows-x86_64 | 0.6.2 | 15.00 | 101.00 | 116.00 | NOTE |
Version: 0.6.2
Check: LazyData
Result: NOTE
'LazyData' is specified without a 'data' directory
Flavors: r-devel-linux-x86_64-debian-clang, r-devel-linux-x86_64-debian-gcc, r-devel-linux-x86_64-fedora-clang, r-devel-linux-x86_64-fedora-gcc, r-devel-windows-x86_64, r-patched-linux-x86_64, r-release-linux-x86_64, r-release-macos-arm64, r-release-macos-x86_64, r-release-windows-x86_64, r-oldrel-macos-arm64, r-oldrel-macos-x86_64, r-oldrel-windows-x86_64