CRAN Package Check Results for Package MXM

Last updated on 2020-08-14 03:47:51 CEST.

Flavor Version Tinstall Tcheck Ttotal Status Flags
r-devel-linux-x86_64-debian-clang 1.4.8 1.77 2.94 4.71 ERROR
r-devel-linux-x86_64-debian-gcc 1.4.8 72.19 390.85 463.04 OK
r-devel-linux-x86_64-fedora-clang 1.4.8 726.59 NOTE
r-devel-linux-x86_64-fedora-gcc 1.4.8 721.01 NOTE
r-devel-windows-ix86+x86_64 1.4.8 161.00 690.00 851.00 OK
r-patched-linux-x86_64 1.4.8 64.94 523.78 588.72 OK
r-patched-solaris-x86 1.4.8 930.70 NOTE
r-release-linux-x86_64 1.4.8 75.37 528.27 603.64 OK
r-release-macos-x86_64 1.4.8 NOTE
r-release-windows-ix86+x86_64 1.4.8 164.00 712.00 876.00 OK
r-oldrel-macos-x86_64 1.4.8 NOTE
r-oldrel-windows-ix86+x86_64 1.4.8 112.00 485.00 597.00 OK

Check Details

Version: 1.4.8
Check: package dependencies
Result: ERROR
    Package required but not available: 'geepack'
    
    See section 'The DESCRIPTION file' in the 'Writing R Extensions'
    manual.
Flavor: r-devel-linux-x86_64-debian-clang

Version: 1.4.8
Check: dependencies in R code
Result: NOTE
    Namespace in Imports field not imported from: ‘knitr’
     All declared Imports should be used.
Flavors: r-devel-linux-x86_64-fedora-clang, r-devel-linux-x86_64-fedora-gcc, r-patched-solaris-x86, r-release-macos-x86_64, r-oldrel-macos-x86_64